Last updated on 2024-05-02 07:11:05 CEST.
Flavor | Version | Tinstall | Tcheck | Ttotal | Status | Flags |
---|---|---|---|---|---|---|
r-devel-linux-x86_64-debian-clang | 0.7.3 | 6.32 | 83.26 | 89.58 | OK | |
r-devel-linux-x86_64-debian-gcc | 0.7.3 | 4.23 | 64.21 | 68.44 | OK | |
r-devel-linux-x86_64-fedora-clang | 0.7.3 | 116.03 | NOTE | |||
r-devel-linux-x86_64-fedora-gcc | 0.7.3 | 121.56 | NOTE | |||
r-devel-windows-x86_64 | 0.7.3 | 7.00 | 91.00 | 98.00 | OK | |
r-patched-linux-x86_64 | 0.7.3 | 5.34 | 79.75 | 85.09 | OK | |
r-release-linux-x86_64 | 0.7.3 | 3.32 | 79.23 | 82.55 | OK | |
r-release-macos-arm64 | 0.7.3 | 53.00 | OK | |||
r-release-macos-x86_64 | 0.7.3 | 122.00 | OK | |||
r-release-windows-x86_64 | 0.7.3 | 8.00 | 90.00 | 98.00 | OK | |
r-oldrel-macos-arm64 | 0.7.3 | 59.00 | OK | |||
r-oldrel-macos-x86_64 | 0.7.3 | 112.00 | OK | |||
r-oldrel-windows-x86_64 | 0.7.3 | 8.00 | 101.00 | 109.00 | OK |
Version: 0.7.3
Check: data for non-ASCII characters
Result: NOTE
Note: found 56 marked UTF-8 strings
Flavors: r-devel-linux-x86_64-fedora-clang, r-devel-linux-x86_64-fedora-gcc