CRAN Package Check Results for Package statquotes

Last updated on 2024-07-15 03:49:41 CEST.

Flavor Version Tinstall Tcheck Ttotal Status Flags
r-devel-linux-x86_64-debian-clang 0.3.2 10.47 109.31 119.78 OK
r-devel-linux-x86_64-debian-gcc 0.3.2 8.80 80.84 89.64 OK
r-devel-linux-x86_64-fedora-clang 0.3.2 149.68 NOTE
r-devel-linux-x86_64-fedora-gcc 0.3.2 151.65 NOTE
r-devel-windows-x86_64 0.3.2 10.00 94.00 104.00 NOTE
r-patched-linux-x86_64 0.3.2 15.68 102.05 117.73 OK
r-release-linux-x86_64 0.3.2 10.70 101.53 112.23 OK
r-release-macos-arm64 0.3.2 45.00 OK
r-release-macos-x86_64 0.3.2 76.00 OK
r-release-windows-x86_64 0.3.2 10.00 93.00 103.00 OK
r-oldrel-macos-arm64 0.3.2 63.00 OK
r-oldrel-macos-x86_64 0.3.2 102.00 OK
r-oldrel-windows-x86_64 0.3.2 13.00 114.00 127.00 OK

Check Details

Version: 0.3.2
Check: Rd cross-references
Result: NOTE Undeclared package ‘fortunes’ in Rd xrefs Flavor: r-devel-linux-x86_64-fedora-clang

Version: 0.3.2
Check: data for non-ASCII characters
Result: NOTE Note: found 1 marked UTF-8 string Flavors: r-devel-linux-x86_64-fedora-clang, r-devel-linux-x86_64-fedora-gcc

Version: 0.3.2
Check: Rd cross-references
Result: NOTE Found the following Rd file(s) with Rd \link{} targets missing package anchors: quote_cloud.Rd: wordcloud Please provide package anchors for all Rd \link{} targets not in the package itself and the base packages. Flavor: r-devel-windows-x86_64