Last updated on 2024-08-31 22:49:51 CEST.
Flavor | Version | Tinstall | Tcheck | Ttotal | Status | Flags |
---|---|---|---|---|---|---|
r-devel-linux-x86_64-debian-clang | 0.1.4 | 5.54 | 43.73 | 49.27 | OK | |
r-devel-linux-x86_64-debian-gcc | 0.1.4 | 4.22 | 31.88 | 36.10 | OK | |
r-devel-linux-x86_64-fedora-clang | 0.1.4 | 77.05 | NOTE | |||
r-devel-linux-x86_64-fedora-gcc | 0.1.4 | 70.60 | NOTE | |||
r-devel-windows-x86_64 | 0.1.4 | 6.00 | 57.00 | 63.00 | OK | |
r-patched-linux-x86_64 | 0.1.4 | 4.50 | 39.15 | 43.65 | OK | |
r-release-linux-x86_64 | 0.1.4 | 5.35 | 39.75 | 45.10 | OK | |
r-release-macos-arm64 | 0.1.4 | 27.00 | OK | |||
r-release-macos-x86_64 | 0.1.4 | 36.00 | OK | |||
r-release-windows-x86_64 | 0.1.4 | 9.00 | 60.00 | 69.00 | OK | |
r-oldrel-macos-arm64 | 0.1.4 | 24.00 | OK | |||
r-oldrel-macos-x86_64 | 0.1.4 | 37.00 | OK | |||
r-oldrel-windows-x86_64 | 0.1.4 | 9.00 | 66.00 | 75.00 | OK |
Version: 0.1.4
Check: dependencies in R code
Result: NOTE
Namespace in Imports field not imported from: ‘tibble’
All declared Imports should be used.
Flavors: r-devel-linux-x86_64-fedora-clang, r-devel-linux-x86_64-fedora-gcc