CRAN Package Check Results for Package stcos

Last updated on 2024-06-13 10:49:12 CEST.

Flavor Version Tinstall Tcheck Ttotal Status Flags
r-devel-linux-x86_64-debian-clang 0.3.1 105.26 113.95 219.21 OK
r-devel-linux-x86_64-debian-gcc 0.3.1 0.53 1.72 2.25 ERROR
r-devel-linux-x86_64-fedora-clang 0.3.1 303.11 OK
r-devel-linux-x86_64-fedora-gcc 0.3.1 296.15 OK
r-devel-windows-x86_64 0.3.1 80.00 113.00 193.00 OK
r-patched-linux-x86_64 0.3.1 88.60 108.18 196.78 OK
r-release-linux-x86_64 0.3.1 87.86 111.65 199.51 OK
r-release-macos-arm64 0.3.1 58.00 NOTE
r-release-macos-x86_64 0.3.1 82.00 NOTE
r-release-windows-x86_64 0.3.1 79.00 119.00 198.00 OK
r-oldrel-macos-arm64 0.3.1 70.00 NOTE
r-oldrel-macos-x86_64 0.3.1 140.00 NOTE
r-oldrel-windows-x86_64 0.3.1 98.00 144.00 242.00 OK

Check Details

Version: 0.3.1
Check: package dependencies
Result: ERROR Package required but not available: ‘dplyr’ See section ‘The DESCRIPTION file’ in the ‘Writing R Extensions’ manual. Flavor: r-devel-linux-x86_64-debian-gcc

Version: 0.3.1
Check: installed package size
Result: NOTE installed size is 6.9Mb sub-directories of 1Mb or more: data 2.3Mb libs 4.3Mb Flavors: r-release-macos-arm64, r-release-macos-x86_64, r-oldrel-macos-arm64, r-oldrel-macos-x86_64