Last updated on 2025-04-30 00:50:02 CEST.
Flavor | Version | Tinstall | Tcheck | Ttotal | Status | Flags |
---|---|---|---|---|---|---|
r-devel-linux-x86_64-debian-clang | 1.0.0 | 2.63 | 58.93 | 61.56 | NOTE | |
r-devel-linux-x86_64-debian-gcc | 1.0.0 | 1.97 | 43.68 | 45.65 | OK | |
r-devel-linux-x86_64-fedora-clang | 1.0.0 | 99.11 | OK | |||
r-devel-linux-x86_64-fedora-gcc | 1.0.0 | 112.40 | OK | |||
r-devel-windows-x86_64 | 1.0.0 | 4.00 | 86.00 | 90.00 | OK | |
r-patched-linux-x86_64 | 1.0.0 | 2.39 | 55.72 | 58.11 | OK | |
r-release-linux-x86_64 | 1.0.0 | 2.39 | 56.01 | 58.40 | OK | |
r-release-macos-arm64 | 1.0.0 | 39.00 | OK | |||
r-release-macos-x86_64 | 1.0.0 | 76.00 | OK | |||
r-release-windows-x86_64 | 1.0.0 | 4.00 | 82.00 | 86.00 | OK | |
r-oldrel-macos-arm64 | 1.0.0 | 44.00 | OK | |||
r-oldrel-macos-x86_64 | 1.0.0 | 80.00 | OK | |||
r-oldrel-windows-x86_64 | 1.0.0 | 4.00 | 101.00 | 105.00 | OK |
Version: 1.0.0
Check: examples
Result: NOTE
Examples with CPU (user + system) or elapsed time > 5s
user system elapsed
analyze 3.283 0.147 6.003
Flavor: r-devel-linux-x86_64-debian-clang