CRAN Package Check Results for Package stmCorrViz

Last updated on 2024-06-13 11:48:29 CEST.

Flavor Version Tinstall Tcheck Ttotal Status Flags
r-devel-linux-x86_64-debian-clang 1.3 2.30 41.91 44.21 NOTE
r-devel-linux-x86_64-debian-gcc 1.3 0.36 1.53 1.89 ERROR
r-devel-linux-x86_64-fedora-clang 1.3 54.45 NOTE
r-devel-linux-x86_64-fedora-gcc 1.3 53.06 NOTE
r-devel-windows-x86_64 1.3 3.00 58.00 61.00 OK
r-patched-linux-x86_64 1.3 2.62 39.87 42.49 NOTE
r-release-linux-x86_64 1.3 1.97 40.51 42.48 NOTE
r-release-macos-arm64 1.3 20.00 OK
r-release-macos-x86_64 1.3 32.00 OK
r-release-windows-x86_64 1.3 3.00 59.00 62.00 OK
r-oldrel-macos-arm64 1.3 28.00 OK
r-oldrel-macos-x86_64 1.3 31.00 OK
r-oldrel-windows-x86_64 1.3 4.00 61.00 65.00 OK

Check Details

Version: 1.3
Check: for non-standard things in the check directory
Result: NOTE Found the following files/directories: ‘corrviz.html’ Flavors: r-devel-linux-x86_64-debian-clang, r-devel-linux-x86_64-fedora-clang, r-devel-linux-x86_64-fedora-gcc, r-patched-linux-x86_64, r-release-linux-x86_64

Version: 1.3
Check: package dependencies
Result: ERROR Package required but not available: ‘stm’ See section ‘The DESCRIPTION file’ in the ‘Writing R Extensions’ manual. Flavor: r-devel-linux-x86_64-debian-gcc

Version: 1.3
Check: dependencies in R code
Result: NOTE Namespaces in Imports field not imported from: ‘SnowballC’ ‘tm’ All declared Imports should be used. Flavors: r-devel-linux-x86_64-fedora-clang, r-devel-linux-x86_64-fedora-gcc