Last updated on 2025-04-29 10:50:50 CEST.
Flavor | Version | Tinstall | Tcheck | Ttotal | Status | Flags |
---|---|---|---|---|---|---|
r-devel-linux-x86_64-debian-clang | 0.4.3 | 13.10 | 107.60 | 120.70 | NOTE | |
r-devel-linux-x86_64-debian-gcc | 0.4.3 | 8.92 | 76.91 | 85.83 | NOTE | |
r-devel-linux-x86_64-fedora-clang | 0.4.3 | 184.02 | NOTE | |||
r-devel-linux-x86_64-fedora-gcc | 0.4.3 | 185.22 | NOTE | |||
r-devel-windows-x86_64 | 0.4.3 | 15.00 | 107.00 | 122.00 | NOTE | |
r-patched-linux-x86_64 | 0.4.3 | 12.66 | 101.61 | 114.27 | NOTE | |
r-release-linux-x86_64 | 0.4.3 | 12.15 | 101.68 | 113.83 | NOTE | |
r-release-macos-arm64 | 0.4.3 | 56.00 | NOTE | |||
r-release-macos-x86_64 | 0.4.3 | 103.00 | NOTE | |||
r-release-windows-x86_64 | 0.4.3 | 14.00 | 111.00 | 125.00 | NOTE | |
r-oldrel-macos-arm64 | 0.4.3 | 59.00 | OK | |||
r-oldrel-macos-x86_64 | 0.4.3 | 172.00 | OK | |||
r-oldrel-windows-x86_64 | 0.4.3 | 17.00 | 133.00 | 150.00 | OK |
Version: 0.4.3
Check: DESCRIPTION meta-information
Result: NOTE
Missing dependency on R >= 4.1.0 because package code uses the pipe
|> or function shorthand \(...) syntax added in R 4.1.0.
File(s) using such syntax:
‘get_diag.Rd’ ‘get_effects.Rd’ ‘get_network.Rd’ ‘stm_diag.R’
‘stm_effects.R’ ‘stm_network.R’
Flavors: r-devel-linux-x86_64-debian-clang, r-devel-linux-x86_64-debian-gcc, r-devel-linux-x86_64-fedora-clang, r-devel-linux-x86_64-fedora-gcc, r-devel-windows-x86_64, r-patched-linux-x86_64, r-release-linux-x86_64, r-release-macos-arm64, r-release-windows-x86_64
Version: 0.4.3
Check: examples
Result: NOTE
Examples with CPU (user + system) or elapsed time > 5s
user system elapsed
get_diag 4.504 0.17 5.807
Flavor: r-devel-linux-x86_64-debian-clang
Version: 0.4.3
Check: DESCRIPTION meta-information
Result: NOTE
Missing dependency on R >= 4.1.0 because package code uses the pipe
|> or function shorthand \(...) syntax added in R 4.1.0.
File(s) using such syntax:
‘stm_diag.R’ ‘stm_effects.R’ ‘stm_network.R’
Flavor: r-release-macos-x86_64