Last updated on 2023-11-28 21:48:32 CET.
Flavor | Version | Tinstall | Tcheck | Ttotal | Status | Flags |
---|---|---|---|---|---|---|
r-devel-linux-x86_64-debian-clang | 1.1.2 | 17.47 | 156.09 | 173.56 | OK | |
r-devel-linux-x86_64-debian-gcc | 1.1.2 | 14.26 | 115.38 | 129.64 | OK | |
r-devel-linux-x86_64-fedora-clang | 1.1.2 | 220.88 | NOTE | |||
r-devel-linux-x86_64-fedora-gcc | 1.1.2 | 204.63 | OK | |||
r-devel-windows-x86_64 | 1.1.2 | 15.00 | 133.00 | 148.00 | NOTE | |
r-patched-linux-x86_64 | 1.1.2 | 14.87 | 148.12 | 162.99 | OK | |
r-release-linux-x86_64 | 1.1.2 | 10.69 | 147.70 | 158.39 | OK | |
r-release-macos-arm64 | 1.1.2 | 68.00 | NOTE | |||
r-release-macos-x86_64 | 1.1.2 | 107.00 | NOTE | |||
r-release-windows-x86_64 | 1.1.2 | 20.00 | 162.00 | 182.00 | NOTE | |
r-oldrel-macos-arm64 | 1.1.2 | 62.00 | NOTE | |||
r-oldrel-macos-x86_64 | 1.1.2 | 84.00 | NOTE | |||
r-oldrel-windows-x86_64 | 1.1.2 | 20.00 | 168.00 | 188.00 | NOTE |
Version: 1.1.2
Check: installed package size
Result: NOTE
installed size is 6.8Mb
sub-directories of 1Mb or more:
data 6.3Mb
Flavors: r-devel-linux-x86_64-fedora-clang, r-devel-windows-x86_64, r-release-macos-arm64, r-release-macos-x86_64, r-release-windows-x86_64, r-oldrel-macos-arm64, r-oldrel-macos-x86_64, r-oldrel-windows-x86_64