Last updated on 2025-04-29 10:50:50 CEST.
Flavor | Version | Tinstall | Tcheck | Ttotal | Status | Flags |
---|---|---|---|---|---|---|
r-devel-linux-x86_64-debian-clang | 0.1.9 | 8.48 | 120.12 | 128.60 | NOTE | |
r-devel-linux-x86_64-debian-gcc | 0.1.9 | 6.04 | 91.70 | 97.74 | NOTE | |
r-devel-linux-x86_64-fedora-clang | 0.1.9 | 202.12 | OK | |||
r-devel-linux-x86_64-fedora-gcc | 0.1.9 | 205.17 | OK | |||
r-devel-windows-x86_64 | 0.1.9 | 10.00 | 132.00 | 142.00 | OK | |
r-patched-linux-x86_64 | 0.1.9 | 8.99 | 116.90 | 125.89 | OK | |
r-release-linux-x86_64 | 0.1.9 | 7.64 | 115.20 | 122.84 | OK | |
r-release-macos-arm64 | 0.1.9 | 67.00 | OK | |||
r-release-macos-x86_64 | 0.1.9 | 165.00 | OK | |||
r-release-windows-x86_64 | 0.1.9 | 11.00 | 132.00 | 143.00 | OK | |
r-oldrel-macos-arm64 | 0.1.9 | 65.00 | OK | |||
r-oldrel-macos-x86_64 | 0.1.9 | 116.00 | OK | |||
r-oldrel-windows-x86_64 | 0.1.9 | 12.00 | 163.00 | 175.00 | OK |
Version: 0.1.9
Check: CRAN incoming feasibility
Result: NOTE
Maintainer: ‘Rachael C. Aikens <rockyaikens@gmail.com>’
Package CITATION file contains call(s) to old-style personList() or
as.personList(). Please use c() on person objects instead.
Package CITATION file contains call(s) to old-style citEntry(). Please
use bibentry() instead.
Flavors: r-devel-linux-x86_64-debian-clang, r-devel-linux-x86_64-debian-gcc