Last updated on 2025-02-04 16:49:25 CET.
Flavor | Version | Tinstall | Tcheck | Ttotal | Status | Flags |
---|---|---|---|---|---|---|
r-devel-linux-x86_64-debian-clang | 1.5-9 | 13.52 | 170.20 | 183.72 | OK | |
r-devel-linux-x86_64-debian-gcc | 1.5-9 | 9.37 | 125.53 | 134.90 | OK | |
r-devel-linux-x86_64-fedora-clang | 1.5-9 | 305.18 | OK | |||
r-devel-linux-x86_64-fedora-gcc | 1.5-9 | 302.46 | OK | |||
r-devel-windows-x86_64 | 1.5-9 | 14.00 | 150.00 | 164.00 | OK | |
r-patched-linux-x86_64 | 1.5-9 | 13.96 | 162.94 | 176.90 | OK | |
r-release-linux-x86_64 | 1.5-9 | 11.44 | 161.80 | 173.24 | OK | |
r-release-macos-arm64 | 1.5-9 | 107.00 | OK | |||
r-release-macos-x86_64 | 1.5-9 | 165.00 | OK | |||
r-release-windows-x86_64 | 1.5-9 | 12.00 | 147.00 | 159.00 | OK | |
r-oldrel-macos-arm64 | 1.5-9 | 81.00 | OK | |||
r-oldrel-macos-x86_64 | 1.5-9 | 13.00 | ERROR | |||
r-oldrel-windows-x86_64 | 1.5-9 | 14.00 | 184.00 | 198.00 | OK |
Version: 1.5-9
Check: whether package can be installed
Result: ERROR
Installation failed.
Flavor: r-oldrel-macos-x86_64