Last updated on 2024-07-27 16:49:23 CEST.
Flavor | Version | Tinstall | Tcheck | Ttotal | Status | Flags |
---|---|---|---|---|---|---|
r-devel-linux-x86_64-debian-clang | 0.1.0 | 2.35 | 30.70 | 33.05 | NOTE | |
r-devel-linux-x86_64-debian-gcc | 0.1.0 | NOTE | ||||
r-devel-linux-x86_64-fedora-clang | 0.1.0 | 42.48 | NOTE | |||
r-devel-linux-x86_64-fedora-gcc | 0.1.0 | 38.79 | NOTE | |||
r-devel-windows-x86_64 | 0.1.0 | 4.00 | 68.00 | 72.00 | NOTE | |
r-patched-linux-x86_64 | 0.1.0 | NOTE | ||||
r-release-linux-x86_64 | 0.1.0 | 2.26 | 28.74 | 31.00 | NOTE | |
r-release-macos-arm64 | 0.1.0 | 17.00 | NOTE | |||
r-release-macos-x86_64 | 0.1.0 | 25.00 | NOTE | |||
r-release-windows-x86_64 | 0.1.0 | 3.00 | 69.00 | 72.00 | NOTE | |
r-oldrel-macos-arm64 | 0.1.0 | 19.00 | NOTE | |||
r-oldrel-macos-x86_64 | 0.1.0 | 24.00 | NOTE | |||
r-oldrel-windows-x86_64 | 0.1.0 | 4.00 | 60.00 | 64.00 | NOTE |
Version: 0.1.0
Check: LazyData
Result: NOTE
'LazyData' is specified without a 'data' directory
Flavors: r-devel-linux-x86_64-debian-clang, r-devel-linux-x86_64-debian-gcc, r-devel-linux-x86_64-fedora-clang, r-devel-linux-x86_64-fedora-gcc, r-devel-windows-x86_64, r-patched-linux-x86_64, r-release-linux-x86_64, r-release-macos-arm64, r-release-macos-x86_64, r-release-windows-x86_64, r-oldrel-macos-arm64, r-oldrel-macos-x86_64, r-oldrel-windows-x86_64
Version: 0.1.0
Check: dependencies in R code
Result: NOTE
Namespace in Imports field not imported from: ‘tidyselect’
All declared Imports should be used.
Flavors: r-devel-linux-x86_64-fedora-clang, r-devel-linux-x86_64-fedora-gcc