CRAN Package Check Results for Package summarytools

Last updated on 2024-07-18 16:49:18 CEST.

Flavor Version Tinstall Tcheck Ttotal Status Flags
r-devel-linux-x86_64-debian-clang 1.0.1 24.03 144.69 168.72 OK
r-devel-linux-x86_64-debian-gcc 1.0.1 16.92 103.48 120.40 OK
r-devel-linux-x86_64-fedora-clang 1.0.1 209.46 NOTE
r-devel-linux-x86_64-fedora-gcc 1.0.1 204.91 NOTE
r-devel-windows-x86_64 1.0.1 17.00 109.00 126.00 OK
r-patched-linux-x86_64 1.0.1 23.77 136.80 160.57 OK
r-release-linux-x86_64 1.0.1 18.86 137.28 156.14 OK
r-release-macos-arm64 1.0.1 79.00 OK
r-release-macos-x86_64 1.0.1 116.00 OK
r-release-windows-x86_64 1.0.1 16.00 108.00 124.00 OK
r-oldrel-macos-arm64 1.0.1 57.00 OK
r-oldrel-macos-x86_64 1.0.1 107.00 OK
r-oldrel-windows-x86_64 1.0.1 20.00 128.00 148.00 OK

Check Details

Version: 1.0.1
Check: data for non-ASCII characters
Result: NOTE Note: found 78 marked UTF-8 strings Flavors: r-devel-linux-x86_64-fedora-clang, r-devel-linux-x86_64-fedora-gcc