Last updated on 2023-11-28 23:04:52 CET.
Flavor | Version | Tinstall | Tcheck | Ttotal | Status | Flags |
---|---|---|---|---|---|---|
r-devel-linux-x86_64-debian-clang | 1.1.1 | 14.16 | 110.94 | 125.10 | NOTE | |
r-devel-linux-x86_64-debian-gcc | 1.1.1 | 11.82 | 80.66 | 92.48 | NOTE | |
r-devel-linux-x86_64-fedora-clang | 1.1.1 | 152.82 | NOTE | |||
r-devel-linux-x86_64-fedora-gcc | 1.1.1 | 150.65 | NOTE | |||
r-devel-windows-x86_64 | 1.1.1 | 12.00 | 92.00 | 104.00 | NOTE | |
r-patched-linux-x86_64 | 1.1.1 | 19.39 | 103.03 | 122.42 | NOTE | |
r-release-linux-x86_64 | 1.1.1 | 10.40 | 104.24 | 114.64 | NOTE | |
r-release-macos-arm64 | 1.1.1 | 25.00 | NOTE | |||
r-release-macos-x86_64 | 1.1.1 | 37.00 | NOTE | |||
r-release-windows-x86_64 | 1.1.1 | 16.00 | 111.00 | 127.00 | NOTE | |
r-oldrel-macos-arm64 | 1.1.1 | 27.00 | OK | |||
r-oldrel-macos-x86_64 | 1.1.1 | 37.00 | OK | |||
r-oldrel-windows-x86_64 | 1.1.1 | 19.00 | 109.00 | 128.00 | NOTE |
Version: 1.1.1
Check: package dependencies
Result: NOTE
Package suggested but not available for checking: ‘extraTrees’
Flavors: r-devel-linux-x86_64-debian-clang, r-devel-linux-x86_64-debian-gcc, r-devel-linux-x86_64-fedora-clang, r-devel-linux-x86_64-fedora-gcc, r-devel-windows-x86_64, r-patched-linux-x86_64, r-release-linux-x86_64, r-release-macos-arm64, r-release-windows-x86_64, r-oldrel-windows-x86_64
Version: 1.1.1
Check: package dependencies
Result: NOTE
Packages suggested but not available for checking:
'arm', 'bartMachine', 'extraTrees', 'party', 'xgboost'
Flavor: r-release-macos-x86_64