Last updated on 2024-05-02 08:57:59 CEST.
Flavor | Version | Tinstall | Tcheck | Ttotal | Status | Flags |
---|---|---|---|---|---|---|
r-devel-linux-x86_64-debian-clang | 1.1.1 | 14.39 | 106.75 | 121.14 | NOTE | |
r-devel-linux-x86_64-debian-gcc | 1.1.1 | 10.41 | 77.93 | 88.34 | NOTE | |
r-devel-linux-x86_64-fedora-clang | 1.1.1 | 160.75 | NOTE | |||
r-devel-linux-x86_64-fedora-gcc | 1.1.1 | 150.59 | NOTE | |||
r-devel-windows-x86_64 | 1.1.1 | 12.00 | 88.00 | 100.00 | NOTE | |
r-patched-linux-x86_64 | 1.1.1 | 17.69 | 99.12 | 116.81 | NOTE | |
r-release-linux-x86_64 | 1.1.1 | 10.31 | 100.73 | 111.04 | NOTE | |
r-release-macos-arm64 | 1.1.1 | 41.00 | NOTE | |||
r-release-windows-x86_64 | 1.1.1 | 12.00 | 88.00 | 100.00 | NOTE | |
r-oldrel-macos-arm64 | 1.1.1 | 25.00 | NOTE | |||
r-oldrel-macos-x86_64 | 1.1.1 | 37.00 | NOTE | |||
r-oldrel-windows-x86_64 | 1.1.1 | 16.00 | 108.00 | 124.00 | NOTE |
Version: 1.1.1
Check: package dependencies
Result: NOTE
Package suggested but not available for checking: ‘extraTrees’
Flavors: r-devel-linux-x86_64-debian-clang, r-devel-linux-x86_64-debian-gcc, r-devel-linux-x86_64-fedora-clang, r-devel-linux-x86_64-fedora-gcc, r-devel-windows-x86_64, r-patched-linux-x86_64, r-release-linux-x86_64, r-release-macos-arm64, r-release-windows-x86_64, r-oldrel-macos-arm64, r-oldrel-windows-x86_64
Version: 1.1.1
Check: package dependencies
Result: NOTE
Packages suggested but not available for checking:
'arm', 'bartMachine', 'extraTrees', 'party', 'xgboost'
Flavor: r-oldrel-macos-x86_64