Last updated on 2025-04-30 13:54:31 CEST.
Flavor | Version | Tinstall | Tcheck | Ttotal | Status | Flags |
---|---|---|---|---|---|---|
r-devel-linux-x86_64-debian-clang | 0.3.0 | 2.65 | 176.16 | 178.81 | NOTE | |
r-devel-linux-x86_64-debian-gcc | 0.3.0 | 1.90 | 119.35 | 121.25 | NOTE | |
r-devel-linux-x86_64-fedora-clang | 0.3.0 | 270.72 | OK | |||
r-devel-linux-x86_64-fedora-gcc | 0.3.0 | 326.89 | OK | |||
r-devel-windows-x86_64 | 0.3.0 | 3.00 | 227.00 | 230.00 | OK | |
r-patched-linux-x86_64 | 0.3.0 | 3.09 | 167.66 | 170.75 | OK | |
r-release-linux-x86_64 | 0.3.0 | 2.40 | 169.01 | 171.41 | OK | |
r-release-macos-arm64 | 0.3.0 | 153.00 | OK | |||
r-release-macos-x86_64 | 0.3.0 | 361.00 | OK | |||
r-release-windows-x86_64 | 0.3.0 | 4.00 | 227.00 | 231.00 | OK | |
r-oldrel-macos-arm64 | 0.3.0 | 171.00 | OK | |||
r-oldrel-macos-x86_64 | 0.3.0 | 409.00 | OK | |||
r-oldrel-windows-x86_64 | 0.3.0 | 3.00 | 275.00 | 278.00 | OK |
Version: 0.3.0
Check: examples
Result: NOTE
Examples with CPU (user + system) or elapsed time > 5s
user system elapsed
probability_contain 7.247 0.4 9.154
Flavor: r-devel-linux-x86_64-debian-clang
Version: 0.3.0
Check: examples
Result: NOTE
Examples with CPU (user + system) or elapsed time > 5s
user system elapsed
probability_contain 5.109 0.316 5.69
Flavor: r-devel-linux-x86_64-debian-gcc