Last updated on 2023-12-01 08:52:07 CET.
Flavor | Version | Tinstall | Tcheck | Ttotal | Status | Flags |
---|---|---|---|---|---|---|
r-devel-linux-x86_64-debian-clang | 1.0.5 | 172.98 | 191.81 | 364.79 | NOTE | |
r-devel-linux-x86_64-debian-gcc | 1.0.5 | 109.16 | 137.18 | 246.34 | NOTE | |
r-devel-linux-x86_64-fedora-clang | 1.0.5 | 498.31 | NOTE | |||
r-devel-linux-x86_64-fedora-gcc | 1.0.5 | 430.55 | NOTE | |||
r-devel-windows-x86_64 | 1.0.5 | 137.00 | 167.00 | 304.00 | NOTE | |
r-patched-linux-x86_64 | 1.0.5 | 106.96 | 185.35 | 292.31 | NOTE | |
r-release-linux-x86_64 | 1.0.5 | 97.38 | 186.52 | 283.90 | NOTE | |
r-release-macos-arm64 | 1.0.5 | 129.00 | NOTE | |||
r-release-macos-x86_64 | 1.0.5 | 216.00 | NOTE | |||
r-release-windows-x86_64 | 1.0.5 | 182.00 | 224.00 | 406.00 | NOTE | |
r-oldrel-macos-arm64 | 1.0.5 | 124.00 | NOTE | |||
r-oldrel-macos-x86_64 | 1.0.5 | 152.00 | NOTE | |||
r-oldrel-windows-x86_64 | 1.0.5 | 159.00 | 208.00 | 367.00 | NOTE |
Version: 1.0.5
Check: package dependencies
Result: NOTE
Package suggested but not available for checking: ‘gurobi’
Flavors: r-devel-linux-x86_64-debian-clang, r-devel-linux-x86_64-debian-gcc, r-devel-linux-x86_64-fedora-clang, r-devel-linux-x86_64-fedora-gcc, r-devel-windows-x86_64, r-patched-linux-x86_64, r-release-linux-x86_64, r-release-macos-arm64, r-release-macos-x86_64, r-release-windows-x86_64, r-oldrel-macos-arm64, r-oldrel-macos-x86_64, r-oldrel-windows-x86_64
Version: 1.0.5
Check: C++ specification
Result: NOTE
Specified C++11: please drop specification unless essential
Flavors: r-devel-linux-x86_64-debian-clang, r-devel-linux-x86_64-debian-gcc, r-devel-linux-x86_64-fedora-clang, r-devel-linux-x86_64-fedora-gcc, r-devel-windows-x86_64, r-patched-linux-x86_64, r-release-linux-x86_64, r-release-macos-arm64, r-release-macos-x86_64, r-release-windows-x86_64
Version: 1.0.5
Check: installed package size
Result: NOTE
installed size is 10.6Mb
sub-directories of 1Mb or more:
libs 9.6Mb
Flavors: r-release-macos-arm64, r-release-macos-x86_64, r-oldrel-macos-arm64, r-oldrel-macos-x86_64