Last updated on 2025-04-30 00:50:03 CEST.
Flavor | Version | Tinstall | Tcheck | Ttotal | Status | Flags |
---|---|---|---|---|---|---|
r-devel-linux-x86_64-debian-clang | 1.9 | 9.24 | 78.58 | 87.82 | NOTE | |
r-devel-linux-x86_64-debian-gcc | 1.9 | 6.29 | 54.81 | 61.10 | NOTE | |
r-devel-linux-x86_64-fedora-clang | 1.9 | 134.97 | OK | |||
r-devel-linux-x86_64-fedora-gcc | 1.9 | 125.40 | OK | |||
r-devel-windows-x86_64 | 1.9 | 10.00 | 84.00 | 94.00 | OK | |
r-patched-linux-x86_64 | 1.9 | 7.17 | 72.12 | 79.29 | OK | |
r-release-linux-x86_64 | 1.9 | 8.69 | 72.61 | 81.30 | OK | |
r-release-macos-arm64 | 1.9 | 40.00 | OK | |||
r-release-macos-x86_64 | 1.9 | 70.00 | OK | |||
r-release-windows-x86_64 | 1.9 | 10.00 | 84.00 | 94.00 | OK | |
r-oldrel-macos-arm64 | 1.9 | 38.00 | OK | |||
r-oldrel-macos-x86_64 | 1.9 | 57.00 | OK | |||
r-oldrel-windows-x86_64 | 1.9 | 12.00 | 99.00 | 111.00 | OK |
Version: 1.9
Check: CRAN incoming feasibility
Result: NOTE
Maintainer: ‘Shannon T. Holloway <shannon.t.holloway@gmail.com>’
The Description field contains
<arXiv:2106.15559>.
Please refer to arXiv e-prints via their arXiv DOI <doi:10.48550/arXiv.YYMM.NNNNN>.
Flavors: r-devel-linux-x86_64-debian-clang, r-devel-linux-x86_64-debian-gcc