CRAN Package Check Results for Package tableHTML

Last updated on 2025-02-04 16:49:26 CET.

Flavor Version Tinstall Tcheck Ttotal Status Flags
r-devel-linux-x86_64-debian-clang 2.1.2 3.80 53.01 56.81 NOTE
r-devel-linux-x86_64-debian-gcc 2.1.2 2.67 41.32 43.99 NOTE
r-devel-linux-x86_64-fedora-clang 2.1.2 94.34 OK
r-devel-linux-x86_64-fedora-gcc 2.1.2 102.48 OK
r-devel-windows-x86_64 2.1.2 5.00 88.00 93.00 NOTE
r-patched-linux-x86_64 2.1.2 8.44 50.50 58.94 OK
r-release-linux-x86_64 2.1.2 3.93 51.01 54.94 OK
r-release-macos-arm64 2.1.2 41.00 NOTE
r-release-macos-x86_64 2.1.2 58.00 NOTE
r-release-windows-x86_64 2.1.2 6.00 85.00 91.00 NOTE
r-oldrel-macos-arm64 2.1.2 53.00 NOTE
r-oldrel-macos-x86_64 2.1.2 83.00 NOTE
r-oldrel-windows-x86_64 2.1.2 7.00 95.00 102.00 NOTE

Check Details

Version: 2.1.2
Check: Rd cross-references
Result: NOTE Found the following Rd file(s) with Rd \link{} targets missing package anchors: tableHTML_output.Rd: uiOutput Please provide package anchors for all Rd \link{} targets not in the package itself and the base packages. Flavors: r-devel-linux-x86_64-debian-clang, r-devel-linux-x86_64-debian-gcc, r-devel-windows-x86_64

Version: 2.1.2
Check: installed package size
Result: NOTE installed size is 6.1Mb sub-directories of 1Mb or more: doc 5.9Mb Flavors: r-release-macos-arm64, r-release-macos-x86_64, r-release-windows-x86_64, r-oldrel-macos-arm64, r-oldrel-macos-x86_64, r-oldrel-windows-x86_64