Last updated on 2024-08-31 22:49:52 CEST.
Flavor | Version | Tinstall | Tcheck | Ttotal | Status | Flags |
---|---|---|---|---|---|---|
r-devel-linux-x86_64-debian-clang | 0.1.0 | 4.74 | 49.98 | 54.72 | OK | |
r-devel-linux-x86_64-debian-gcc | 0.1.0 | 3.07 | 36.21 | 39.28 | OK | |
r-devel-linux-x86_64-fedora-clang | 0.1.0 | 86.63 | NOTE | |||
r-devel-linux-x86_64-fedora-gcc | 0.1.0 | 101.65 | NOTE | |||
r-devel-windows-x86_64 | 0.1.0 | 6.00 | 66.00 | 72.00 | OK | |
r-patched-linux-x86_64 | 0.1.0 | 4.95 | 46.39 | 51.34 | OK | |
r-release-linux-x86_64 | 0.1.0 | 4.62 | 46.28 | 50.90 | OK | |
r-release-macos-arm64 | 0.1.0 | 34.00 | OK | |||
r-release-macos-x86_64 | 0.1.0 | 50.00 | OK | |||
r-release-windows-x86_64 | 0.1.0 | 8.00 | 67.00 | 75.00 | OK | |
r-oldrel-macos-arm64 | 0.1.0 | 32.00 | OK | |||
r-oldrel-macos-x86_64 | 0.1.0 | 55.00 | OK | |||
r-oldrel-windows-x86_64 | 0.1.0 | 8.00 | 74.00 | 82.00 | OK |
Version: 0.1.0
Check: data for non-ASCII characters
Result: NOTE
Note: found 81 marked UTF-8 strings
Flavors: r-devel-linux-x86_64-fedora-clang, r-devel-linux-x86_64-fedora-gcc