CRAN Package Check Results for Package tashu

Last updated on 2024-06-14 21:53:52 CEST.

Flavor Version Tinstall Tcheck Ttotal Status Flags
r-devel-linux-x86_64-debian-clang 0.1.1 8.46 66.83 75.29 NOTE
r-devel-linux-x86_64-debian-gcc 0.1.1 5.55 51.35 56.90 NOTE
r-devel-linux-x86_64-fedora-clang 0.1.1 98.40 NOTE
r-devel-linux-x86_64-fedora-gcc 0.1.1 104.61 NOTE
r-devel-windows-x86_64 0.1.1 7.00 68.00 75.00 NOTE
r-patched-linux-x86_64 0.1.1 6.64 64.88 71.52 NOTE
r-release-linux-x86_64 0.1.1 6.52 64.50 71.02 NOTE
r-release-macos-arm64 0.1.1 35.00 NOTE
r-release-macos-x86_64 0.1.1 54.00 NOTE
r-release-windows-x86_64 0.1.1 8.00 72.00 80.00 NOTE
r-oldrel-macos-arm64 0.1.1 38.00 NOTE
r-oldrel-macos-x86_64 0.1.1 52.00 NOTE
r-oldrel-windows-x86_64 0.1.1 10.00 77.00 87.00 NOTE

Check Details

Version: 0.1.1
Check: package dependencies
Result: NOTE Package suggested but not available for checking: ‘tashudata’ Flavors: r-devel-linux-x86_64-debian-clang, r-devel-linux-x86_64-debian-gcc, r-devel-linux-x86_64-fedora-clang, r-devel-linux-x86_64-fedora-gcc, r-devel-windows-x86_64, r-patched-linux-x86_64, r-release-linux-x86_64, r-release-macos-arm64, r-release-macos-x86_64, r-release-windows-x86_64, r-oldrel-macos-arm64, r-oldrel-macos-x86_64, r-oldrel-windows-x86_64

Version: 0.1.1
Check: LazyData
Result: NOTE 'LazyData' is specified without a 'data' directory Flavors: r-devel-linux-x86_64-debian-clang, r-devel-linux-x86_64-debian-gcc, r-devel-linux-x86_64-fedora-clang, r-devel-linux-x86_64-fedora-gcc, r-devel-windows-x86_64, r-patched-linux-x86_64, r-release-linux-x86_64, r-release-macos-arm64, r-release-macos-x86_64, r-release-windows-x86_64, r-oldrel-macos-arm64, r-oldrel-macos-x86_64, r-oldrel-windows-x86_64

Version: 0.1.1
Check: dependencies in R code
Result: NOTE Namespaces in Imports field not imported from: ‘drat’ ‘plyr’ All declared Imports should be used. Flavors: r-devel-linux-x86_64-fedora-clang, r-devel-linux-x86_64-fedora-gcc