Last updated on 2023-12-09 07:49:49 CET.
Flavor | Version | Tinstall | Tcheck | Ttotal | Status | Flags |
---|---|---|---|---|---|---|
r-devel-linux-x86_64-debian-clang | 0.4.2 | 9.04 | 88.40 | 97.44 | NOTE | |
r-devel-linux-x86_64-debian-gcc | 0.4.2 | 6.94 | 63.87 | 70.81 | NOTE | |
r-devel-linux-x86_64-fedora-clang | 0.4.2 | 117.63 | NOTE | |||
r-devel-linux-x86_64-fedora-gcc | 0.4.2 | 110.19 | NOTE | |||
r-devel-windows-x86_64 | 0.4.2 | 10.00 | 92.00 | 102.00 | NOTE | |
r-patched-linux-x86_64 | 0.4.2 | 18.27 | 82.45 | 100.72 | OK | |
r-release-linux-x86_64 | 0.4.2 | 8.24 | 79.88 | 88.12 | OK | |
r-release-macos-arm64 | 0.4.2 | 36.00 | OK | |||
r-release-macos-x86_64 | 0.4.2 | 58.00 | OK | |||
r-release-windows-x86_64 | 0.4.2 | 13.00 | 105.00 | 118.00 | OK | |
r-oldrel-macos-arm64 | 0.4.2 | 36.00 | OK | |||
r-oldrel-macos-x86_64 | 0.4.2 | 60.00 | OK | |||
r-oldrel-windows-x86_64 | 0.4.2 | 13.00 | 95.00 | 108.00 | OK |
Version: 0.4.2
Check: Rd \usage sections
Result: NOTE
Documented arguments not in \usage in Rd file 'default_db_ref.Rd':
‘name’ ‘url’ ‘desc’ ‘id_regex’
Documented arguments not in \usage in Rd file 'limited_print.Rd':
‘trunc’
Functions with \usage entries need to have the appropriate \alias
entries, and all their arguments documented.
The \usage entries must correspond to syntactically valid R code.
See chapter ‘Writing R documentation files’ in the ‘Writing R
Extensions’ manual.
Flavors: r-devel-linux-x86_64-debian-clang, r-devel-linux-x86_64-debian-gcc, r-devel-linux-x86_64-fedora-clang, r-devel-linux-x86_64-fedora-gcc, r-devel-windows-x86_64