Last updated on 2024-05-02 06:12:05 CEST.
Flavor | Version | Tinstall | Tcheck | Ttotal | Status | Flags |
---|---|---|---|---|---|---|
r-devel-linux-x86_64-debian-clang | 2.0-3 | 84.68 | 148.79 | 233.47 | OK | |
r-devel-linux-x86_64-debian-gcc | 2.0-3 | 71.07 | 672.77 | 743.84 | OK | |
r-devel-linux-x86_64-fedora-clang | 2.0-3 | 451.51 | OK | |||
r-devel-linux-x86_64-fedora-gcc | 2.0-3 | 594.37 | OK | |||
r-devel-windows-x86_64 | 2.0-3 | 71.00 | 192.00 | 263.00 | OK | |
r-patched-linux-x86_64 | 2.0-3 | 91.99 | 494.01 | 586.00 | OK | |
r-release-linux-x86_64 | 2.0-3 | 99.59 | 351.43 | 451.02 | OK | |
r-release-macos-arm64 | 2.0-3 | 101.00 | NOTE | |||
r-release-macos-x86_64 | 2.0-3 | 234.00 | NOTE | |||
r-release-windows-x86_64 | 2.0-3 | 73.00 | 193.00 | 266.00 | OK | |
r-oldrel-macos-arm64 | 2.0-3 | 102.00 | NOTE | |||
r-oldrel-macos-x86_64 | 2.0-3 | 256.00 | NOTE | |||
r-oldrel-windows-x86_64 | 2.0-3 | 87.00 | 209.00 | 296.00 | OK |
Version: 2.0-3
Check: installed package size
Result: NOTE
installed size is 7.2Mb
sub-directories of 1Mb or more:
libs 5.8Mb
Flavors: r-release-macos-arm64, r-release-macos-x86_64, r-oldrel-macos-arm64, r-oldrel-macos-x86_64