Last updated on 2023-11-28 23:04:52 CET.
Flavor | Version | Tinstall | Tcheck | Ttotal | Status | Flags |
---|---|---|---|---|---|---|
r-devel-linux-x86_64-debian-clang | 3.0.0 | 13.87 | 62.14 | 76.01 | NOTE | |
r-devel-linux-x86_64-debian-gcc | 3.0.0 | 11.60 | 47.25 | 58.85 | NOTE | |
r-devel-linux-x86_64-fedora-clang | 3.0.0 | 96.24 | OK | |||
r-devel-linux-x86_64-fedora-gcc | 3.0.0 | 102.52 | OK | |||
r-devel-windows-x86_64 | 3.0.0 | 11.00 | 78.00 | 89.00 | OK | |
r-patched-linux-x86_64 | 3.0.0 | 20.43 | 59.44 | 79.87 | OK | |
r-release-linux-x86_64 | 3.0.0 | 11.84 | 58.76 | 70.60 | OK | |
r-release-macos-arm64 | 3.0.0 | 39.00 | OK | |||
r-release-macos-x86_64 | 3.0.0 | 60.00 | OK | |||
r-release-windows-x86_64 | 3.0.0 | 17.00 | 87.00 | 104.00 | OK | |
r-oldrel-macos-arm64 | 3.0.0 | 33.00 | OK | |||
r-oldrel-macos-x86_64 | 3.0.0 | 42.00 | OK | |||
r-oldrel-windows-x86_64 | 3.0.0 | 18.00 | 80.00 | 98.00 | OK |
Version: 3.0.0
Check: Rd files
Result: NOTE
checkRd: (-1) sendChatAction.Rd:16: Lost braces in \itemize; meant \describe ?
checkRd: (-1) sendChatAction.Rd:17: Lost braces in \itemize; meant \describe ?
checkRd: (-1) sendChatAction.Rd:18: Lost braces in \itemize; meant \describe ?
checkRd: (-1) sendChatAction.Rd:19: Lost braces in \itemize; meant \describe ?
checkRd: (-1) sendChatAction.Rd:20: Lost braces in \itemize; meant \describe ?
checkRd: (-1) sendChatAction.Rd:21: Lost braces in \itemize; meant \describe ?
checkRd: (-1) sendChatAction.Rd:22: Lost braces in \itemize; meant \describe ?
checkRd: (-1) sendChatAction.Rd:23: Lost braces in \itemize; meant \describe ?
checkRd: (-1) sendChatAction.Rd:24: Lost braces in \itemize; meant \describe ?
checkRd: (-1) sendChatAction.Rd:25: Lost braces in \itemize; meant \describe ?
Flavors: r-devel-linux-x86_64-debian-clang, r-devel-linux-x86_64-debian-gcc