Last updated on 2025-04-30 00:50:03 CEST.
Flavor | Version | Tinstall | Tcheck | Ttotal | Status | Flags |
---|---|---|---|---|---|---|
r-devel-linux-x86_64-debian-clang | 1.1.2 | 7.72 | 162.09 | 169.81 | NOTE | |
r-devel-linux-x86_64-debian-gcc | 1.1.2 | 5.57 | 111.05 | 116.62 | NOTE | |
r-devel-linux-x86_64-fedora-clang | 1.1.2 | 271.85 | OK | |||
r-devel-linux-x86_64-fedora-gcc | 1.1.2 | 257.85 | OK | |||
r-devel-windows-x86_64 | 1.1.2 | 10.00 | 188.00 | 198.00 | OK | |
r-patched-linux-x86_64 | 1.1.2 | 8.39 | 151.66 | 160.05 | OK | |
r-release-linux-x86_64 | 1.1.2 | 8.08 | 153.06 | 161.14 | OK | |
r-release-macos-arm64 | 1.1.2 | 101.00 | OK | |||
r-release-macos-x86_64 | 1.1.2 | 190.00 | OK | |||
r-release-windows-x86_64 | 1.1.2 | 14.00 | 189.00 | 203.00 | OK | |
r-oldrel-macos-arm64 | 1.1.2 | 108.00 | OK | |||
r-oldrel-macos-x86_64 | 1.1.2 | 147.00 | OK | |||
r-oldrel-windows-x86_64 | 1.1.2 | 13.00 | 226.00 | 239.00 | OK |
Version: 1.1.2
Check: examples
Result: NOTE
Examples with CPU (user + system) or elapsed time > 5s
user system elapsed
gg_traffic_evolution 7.249 0.127 8.694
gg_traffic_avg 5.870 0.194 7.323
Flavor: r-devel-linux-x86_64-debian-clang
Version: 1.1.2
Check: examples
Result: NOTE
Examples with CPU (user + system) or elapsed time > 5s
user system elapsed
gg_traffic_evolution 4.723 0.148 6.35
Flavor: r-devel-linux-x86_64-debian-gcc