Last updated on 2025-04-30 12:49:19 CEST.
Flavor | Version | Tinstall | Tcheck | Ttotal | Status | Flags |
---|---|---|---|---|---|---|
r-devel-linux-x86_64-debian-clang | 0.1.0 | 28.05 | 101.13 | 129.18 | NOTE | |
r-devel-linux-x86_64-debian-gcc | 0.1.0 | 22.51 | 59.30 | 81.81 | OK | |
r-devel-linux-x86_64-fedora-clang | 0.1.0 | 233.31 | OK | |||
r-devel-linux-x86_64-fedora-gcc | 0.1.0 | 210.36 | OK | |||
r-devel-windows-x86_64 | 0.1.0 | 31.00 | 131.00 | 162.00 | OK | |
r-patched-linux-x86_64 | 0.1.0 | 31.57 | 80.03 | 111.60 | OK | |
r-release-linux-x86_64 | 0.1.0 | 32.40 | 81.68 | 114.08 | OK | |
r-release-macos-arm64 | 0.1.0 | 75.00 | OK | |||
r-release-macos-x86_64 | 0.1.0 | 178.00 | OK | |||
r-release-windows-x86_64 | 0.1.0 | 34.00 | 130.00 | 164.00 | OK | |
r-oldrel-macos-arm64 | 0.1.0 | 66.00 | OK | |||
r-oldrel-macos-x86_64 | 0.1.0 | 108.00 | OK | |||
r-oldrel-windows-x86_64 | 0.1.0 | 37.00 | 170.00 | 207.00 | OK |
Version: 0.1.0
Check: examples
Result: NOTE
Examples with CPU (user + system) or elapsed time > 5s
user system elapsed
td_tests 5.382 0.003 6.963
Flavor: r-devel-linux-x86_64-debian-clang