Last updated on 2024-07-27 16:49:23 CEST.
Flavor | Version | Tinstall | Tcheck | Ttotal | Status | Flags |
---|---|---|---|---|---|---|
r-devel-linux-x86_64-debian-clang | 5.2.1 | 16.07 | 90.03 | 106.10 | OK | |
r-devel-linux-x86_64-debian-gcc | 5.2.1 | OK | ||||
r-devel-linux-x86_64-fedora-gcc | 5.2.1 | 153.75 | OK | |||
r-devel-windows-x86_64 | 5.2.1 | 47.00 | 142.00 | 189.00 | NOTE | |
r-patched-linux-x86_64 | 5.2.1 | OK | ||||
r-release-linux-x86_64 | 5.2.1 | 17.73 | 132.58 | 150.31 | OK | |
r-release-macos-arm64 | 5.2.1 | 64.00 | NOTE | |||
r-release-macos-x86_64 | 5.2.1 | 87.00 | NOTE | |||
r-release-windows-x86_64 | 5.2.1 | 47.00 | 151.00 | 198.00 | NOTE | |
r-oldrel-macos-arm64 | 5.2.1 | 65.00 | NOTE | |||
r-oldrel-macos-x86_64 | 5.2.1 | 169.00 | NOTE | |||
r-oldrel-windows-x86_64 | 5.2.1 | 53.00 | 162.00 | 215.00 | NOTE |
Version: 5.2.1
Check: installed package size
Result: NOTE
installed size is 23.3Mb
sub-directories of 1Mb or more:
doc 1.1Mb
libs 8.1Mb
tessdata 14.0Mb
Flavors: r-devel-windows-x86_64, r-release-macos-arm64, r-release-macos-x86_64, r-release-windows-x86_64, r-oldrel-macos-arm64, r-oldrel-macos-x86_64, r-oldrel-windows-x86_64