CRAN Package Check Results for Package textplot

Last updated on 2024-07-18 11:53:11 CEST.

Flavor Version Tinstall Tcheck Ttotal Status Flags
r-devel-linux-x86_64-debian-clang 0.2.2 9.51 176.33 185.84 OK
r-devel-linux-x86_64-debian-gcc 0.2.2 6.93 168.32 175.25 OK
r-devel-linux-x86_64-fedora-clang 0.2.2 249.97 OK
r-devel-linux-x86_64-fedora-gcc 0.2.2 261.08 OK
r-devel-windows-x86_64 0.2.2 7.00 170.00 177.00 OK
r-patched-linux-x86_64 0.2.2 6.98 215.36 222.34 OK
r-release-linux-x86_64 0.2.2 6.26 217.43 223.69 OK
r-release-macos-arm64 0.2.2 80.00 OK
r-release-macos-x86_64 0.2.2 154.00 WARN
r-release-windows-x86_64 0.2.2 8.00 170.00 178.00 OK
r-oldrel-macos-arm64 0.2.2 83.00 OK
r-oldrel-macos-x86_64 0.2.2 133.00 OK
r-oldrel-windows-x86_64 0.2.2 8.00 191.00 199.00 OK

Check Details

Version: 0.2.2
Check: re-building of vignette outputs
Result: WARN Error(s) in re-building vignettes: --- re-building ‘textplot-examples.Rnw’ using knitr Attaching package: 'igraph' The following objects are masked from 'package:stats': decompose, spectrum The following object is masked from 'package:base': union trying URL 'https://raw.githubusercontent.com/jwijffels/udpipe.models.ud.2.5/master/inst/udpipe-ud-2.5-191206/english-ewt-ud-2.5-191206.udpipe' Content type 'application/octet-stream' length 16309608 bytes (15.6 MB) ================================================== downloaded 15.6 MB trying URL 'https://raw.githubusercontent.com/jwijffels/udpipe.models.ud.2.5/master/inst/udpipe-ud-2.5-191206/dutch-alpino-ud-2.5-191206.udpipe' Content type 'application/octet-stream' length 17047727 bytes (16.3 MB) ================================================== downloaded 16.3 MB Attaching package: 'BiocGenerics' The following objects are masked from 'package:igraph': normalize, path, union The following objects are masked from 'package:stats': IQR, mad, sd, var, xtabs The following objects are masked from 'package:base': Filter, Find, Map, Position, Reduce, anyDuplicated, aperm, append, as.data.frame, basename, cbind, colnames, dirname, do.call, duplicated, eval, evalq, get, grep, grepl, intersect, is.unsorted, lapply, mapply, match, mget, order, paste, pmax, pmax.int, pmin, pmin.int, rank, rbind, rownames, sapply, setdiff, table, tapply, union, unique, unsplit, which.max, which.min Attaching package: 'graph' The following objects are masked from 'package:igraph': degree, edges, intersection Attaching package: 'qgraph' The following object is masked from 'package:ggraph': qgraph Warning: ggrepel: 1 unlabeled data points (too many overlaps). Consider increasing max.overlaps Error: processing vignette 'textplot-examples.Rnw' failed with diagnostics: Running 'texi2dvi' on 'textplot-examples.tex' failed. LaTeX errors: ! Undefined control sequence. l.99 \hlkwd{library}\hldef {(textplot)} ? ! Emergency stop. ! Emergency stop. l.99 End of file on the terminal! ! ==> Fatal error occurred, no output PDF file produced! --- failed re-building ‘textplot-examples.Rnw’ SUMMARY: processing the following file failed: ‘textplot-examples.Rnw’ Error: Vignette re-building failed. Execution halted Flavor: r-release-macos-x86_64