Last updated on 2023-12-01 10:53:53 CET.
Flavor | Version | Tinstall | Tcheck | Ttotal | Status | Flags |
---|---|---|---|---|---|---|
r-devel-linux-x86_64-debian-clang | 1.0.6 | 24.74 | 237.20 | 261.94 | OK | |
r-devel-linux-x86_64-debian-gcc | 1.0.6 | 18.04 | 176.28 | 194.32 | OK | |
r-devel-linux-x86_64-fedora-clang | 1.0.6 | 322.42 | NOTE | |||
r-devel-linux-x86_64-fedora-gcc | 1.0.6 | 346.88 | NOTE | |||
r-devel-windows-x86_64 | 1.0.6 | 21.00 | 190.00 | 211.00 | OK | |
r-patched-linux-x86_64 | 1.0.6 | 25.23 | 227.19 | 252.42 | OK | |
r-release-linux-x86_64 | 1.0.6 | 15.11 | 221.30 | 236.41 | OK | |
r-release-macos-arm64 | 1.0.6 | 242.00 | OK | |||
r-release-macos-x86_64 | 1.0.6 | 308.00 | OK | |||
r-release-windows-x86_64 | 1.0.6 | 27.00 | 257.00 | 284.00 | OK | |
r-oldrel-macos-arm64 | 1.0.6 | 95.00 | OK | |||
r-oldrel-macos-x86_64 | 1.0.5 | 135.00 | OK | |||
r-oldrel-windows-x86_64 | 1.0.6 | 27.00 | 240.00 | 267.00 | OK |
Version: 1.0.6
Check: data for non-ASCII characters
Result: NOTE
Note: found 4 marked UTF-8 strings
Flavors: r-devel-linux-x86_64-fedora-clang, r-devel-linux-x86_64-fedora-gcc