Last updated on 2024-04-28 09:54:05 CEST.
Flavor | Version | Tinstall | Tcheck | Ttotal | Status | Flags |
---|---|---|---|---|---|---|
r-devel-linux-x86_64-debian-clang | 0.0.2 | 129.95 | 73.72 | 203.67 | OK | |
r-devel-linux-x86_64-debian-gcc | 0.0.2 | 109.78 | 53.59 | 163.37 | OK | |
r-devel-linux-x86_64-fedora-clang | 0.0.2 | 320.75 | OK | |||
r-devel-linux-x86_64-fedora-gcc | 0.0.2 | 307.71 | OK | |||
r-devel-windows-x86_64 | 0.0.2 | 131.00 | 131.00 | 262.00 | OK | |
r-patched-linux-x86_64 | 0.0.2 | 147.14 | 68.96 | 216.10 | OK | |
r-release-linux-x86_64 | 0.0.2 | 140.43 | 68.62 | 209.05 | OK | |
r-release-macos-arm64 | 0.0.2 | 71.00 | NOTE | |||
r-release-windows-x86_64 | 0.0.2 | 135.00 | 132.00 | 267.00 | OK | |
r-oldrel-macos-arm64 | 0.0.2 | 82.00 | NOTE | |||
r-oldrel-macos-x86_64 | 0.0.2 | 144.00 | NOTE | |||
r-oldrel-windows-x86_64 | 0.0.2 | 153.00 | 144.00 | 297.00 | OK |
Version: 0.0.2
Check: installed package size
Result: NOTE
installed size is 27.4Mb
sub-directories of 1Mb or more:
libs 27.1Mb
Flavors: r-release-macos-arm64, r-oldrel-macos-arm64, r-oldrel-macos-x86_64