Last updated on 2023-12-04 12:50:37 CET.
Flavor | Version | Tinstall | Tcheck | Ttotal | Status | Flags |
---|---|---|---|---|---|---|
r-devel-linux-x86_64-debian-clang | 0.4.0 | 6.01 | 38.04 | 44.05 | NOTE | |
r-devel-linux-x86_64-debian-gcc | 0.4.0 | 4.59 | 29.97 | 34.56 | NOTE | |
r-devel-linux-x86_64-fedora-clang | 0.4.0 | 59.72 | NOTE | |||
r-devel-linux-x86_64-fedora-gcc | 0.4.0 | 65.60 | NOTE | |||
r-devel-windows-x86_64 | 0.4.0 | 6.00 | 52.00 | 58.00 | NOTE | |
r-patched-linux-x86_64 | 0.4.0 | 4.94 | 37.77 | 42.71 | NOTE | |
r-release-linux-x86_64 | 0.4.0 | 5.42 | 38.00 | 43.42 | NOTE | |
r-release-macos-arm64 | 0.4.0 | 30.00 | NOTE | |||
r-release-macos-x86_64 | 0.4.0 | 44.00 | NOTE | |||
r-release-windows-x86_64 | 0.4.0 | 7.00 | 54.00 | 61.00 | NOTE | |
r-oldrel-macos-arm64 | 0.4.0 | 20.00 | NOTE | |||
r-oldrel-macos-x86_64 | 0.4.0 | 73.00 | NOTE | |||
r-oldrel-windows-x86_64 | 0.4.0 | 8.00 | 59.00 | 67.00 | NOTE |
Version: 0.4.0
Check: LazyData
Result: NOTE
'LazyData' is specified without a 'data' directory
Flavors: r-devel-linux-x86_64-debian-clang, r-devel-linux-x86_64-debian-gcc, r-devel-linux-x86_64-fedora-clang, r-devel-linux-x86_64-fedora-gcc, r-devel-windows-x86_64, r-patched-linux-x86_64, r-release-linux-x86_64, r-release-macos-arm64, r-release-macos-x86_64, r-release-windows-x86_64, r-oldrel-macos-arm64, r-oldrel-macos-x86_64, r-oldrel-windows-x86_64