Last updated on 2025-04-29 16:52:49 CEST.
Flavor | Version | Tinstall | Tcheck | Ttotal | Status | Flags |
---|---|---|---|---|---|---|
r-devel-linux-x86_64-debian-clang | 1.11.6 | 18.04 | 304.33 | 322.37 | NOTE | |
r-devel-linux-x86_64-debian-gcc | 1.11.6 | 12.81 | 207.48 | 220.29 | OK | |
r-devel-linux-x86_64-fedora-clang | 1.11.6 | 515.03 | OK | |||
r-devel-linux-x86_64-fedora-gcc | 1.11.6 | 459.03 | OK | |||
r-devel-windows-x86_64 | 1.11.6 | 19.00 | 225.00 | 244.00 | OK | |
r-patched-linux-x86_64 | 1.11.6 | 18.14 | 288.78 | 306.92 | OK | |
r-release-linux-x86_64 | 1.11.6 | 16.48 | 287.90 | 304.38 | OK | |
r-release-macos-arm64 | 1.11.6 | 117.00 | OK | |||
r-release-macos-x86_64 | 1.11.6 | 244.00 | OK | |||
r-release-windows-x86_64 | 1.11.6 | 21.00 | 231.00 | 252.00 | OK | |
r-oldrel-macos-arm64 | 1.11.6 | 116.00 | NOTE | |||
r-oldrel-macos-x86_64 | 1.11.6 | 283.00 | NOTE | |||
r-oldrel-windows-x86_64 | 1.11.6 | 25.00 | 310.00 | 335.00 | NOTE |
Version: 1.11.6
Check: examples
Result: NOTE
Examples with CPU (user + system) or elapsed time > 5s
user system elapsed
annotation_line-method 5.758 0.175 6.698
Flavor: r-devel-linux-x86_64-debian-clang
Version: 1.11.6
Check: installed package size
Result: NOTE
installed size is 5.4Mb
sub-directories of 1Mb or more:
doc 4.5Mb
Flavors: r-oldrel-macos-arm64, r-oldrel-macos-x86_64, r-oldrel-windows-x86_64