Last updated on 2025-04-29 10:50:51 CEST.
Flavor | Version | Tinstall | Tcheck | Ttotal | Status | Flags |
---|---|---|---|---|---|---|
r-devel-linux-x86_64-debian-clang | 0.4.3 | 7.22 | 82.88 | 90.10 | NOTE | |
r-devel-linux-x86_64-debian-gcc | 0.4.3 | 5.49 | 62.05 | 67.54 | NOTE | |
r-devel-linux-x86_64-fedora-clang | 0.4.3 | 150.27 | OK | |||
r-devel-linux-x86_64-fedora-gcc | 0.4.3 | 146.40 | OK | |||
r-devel-windows-x86_64 | 0.4.3 | 9.00 | 109.00 | 118.00 | OK | |
r-patched-linux-x86_64 | 0.4.3 | 7.89 | 76.60 | 84.49 | OK | |
r-release-linux-x86_64 | 0.4.3 | 7.62 | 75.74 | 83.36 | OK | |
r-release-macos-arm64 | 0.4.3 | 54.00 | OK | |||
r-release-macos-x86_64 | 0.4.3 | 109.00 | OK | |||
r-release-windows-x86_64 | 0.4.3 | 13.00 | 106.00 | 119.00 | OK | |
r-oldrel-macos-arm64 | 0.4.3 | 56.00 | OK | |||
r-oldrel-macos-x86_64 | 0.4.3 | 114.00 | OK | |||
r-oldrel-windows-x86_64 | 0.4.3 | 11.00 | 124.00 | 135.00 | OK |
Version: 0.4.3
Check: examples
Result: NOTE
Examples with CPU (user + system) or elapsed time > 5s
user system elapsed
estimate_betas 6.949 0.141 8.327
Flavor: r-devel-linux-x86_64-debian-clang
Version: 0.4.3
Check: examples
Result: NOTE
Examples with CPU (user + system) or elapsed time > 5s
user system elapsed
estimate_betas 4.55 0.057 5.507
Flavor: r-devel-linux-x86_64-debian-gcc