Last updated on 2023-12-09 06:48:42 CET.
Flavor | Version | Tinstall | Tcheck | Ttotal | Status | Flags |
---|---|---|---|---|---|---|
r-devel-linux-x86_64-debian-clang | 1.0.2 | 4.18 | 75.37 | 79.55 | NOTE | |
r-devel-linux-x86_64-debian-gcc | 1.0.2 | 3.57 | 56.63 | 60.20 | NOTE | |
r-devel-linux-x86_64-fedora-clang | 1.0.2 | 100.75 | NOTE | |||
r-devel-linux-x86_64-fedora-gcc | 1.0.2 | 108.55 | NOTE | |||
r-devel-windows-x86_64 | 1.0.2 | 6.00 | 86.00 | 92.00 | NOTE | |
r-patched-linux-x86_64 | 1.0.2 | 4.03 | 73.05 | 77.08 | NOTE | |
r-release-linux-x86_64 | 1.0.2 | 3.55 | 71.19 | 74.74 | NOTE | |
r-release-macos-arm64 | 1.0.2 | 42.00 | NOTE | |||
r-release-macos-x86_64 | 1.0.2 | 64.00 | NOTE | |||
r-release-windows-x86_64 | 1.0.2 | 8.00 | 98.00 | 106.00 | NOTE | |
r-oldrel-macos-arm64 | 1.0.2 | 33.00 | NOTE | |||
r-oldrel-macos-x86_64 | 1.0.2 | 57.00 | NOTE | |||
r-oldrel-windows-x86_64 | 1.0.2 | 9.00 | 100.00 | 109.00 | NOTE |
Version: 1.0.2
Check: LazyData
Result: NOTE
'LazyData' is specified without a 'data' directory
Flavors: r-devel-linux-x86_64-debian-clang, r-devel-linux-x86_64-debian-gcc, r-devel-linux-x86_64-fedora-clang, r-devel-linux-x86_64-fedora-gcc, r-devel-windows-x86_64, r-patched-linux-x86_64, r-release-linux-x86_64, r-release-macos-arm64, r-release-macos-x86_64, r-release-windows-x86_64, r-oldrel-macos-arm64, r-oldrel-macos-x86_64, r-oldrel-windows-x86_64