Last updated on 2024-04-28 12:54:51 CEST.
Flavor | Version | Tinstall | Tcheck | Ttotal | Status | Flags |
---|---|---|---|---|---|---|
r-devel-linux-x86_64-debian-clang | 1.2.0 | 19.98 | 159.44 | 179.42 | OK | |
r-devel-linux-x86_64-debian-gcc | 1.2.0 | 14.35 | 118.26 | 132.61 | OK | |
r-devel-linux-x86_64-fedora-clang | 1.2.0 | 230.56 | NOTE | |||
r-devel-linux-x86_64-fedora-gcc | 1.2.0 | 228.89 | OK | |||
r-devel-windows-x86_64 | 1.2.0 | 14.00 | 124.00 | 138.00 | OK | |
r-patched-linux-x86_64 | 1.2.0 | 14.66 | 150.15 | 164.81 | OK | |
r-release-linux-x86_64 | 1.2.0 | 16.96 | 156.77 | 173.73 | OK | |
r-release-macos-arm64 | 1.2.0 | 63.00 | OK | |||
r-release-macos-x86_64 | 1.2.0 | 175.00 | OK | |||
r-release-windows-x86_64 | 1.2.0 | 15.00 | 126.00 | 141.00 | OK | |
r-oldrel-macos-arm64 | 1.2.0 | 67.00 | OK | |||
r-oldrel-macos-x86_64 | 1.2.0 | 145.00 | OK | |||
r-oldrel-windows-x86_64 | 1.2.0 | 20.00 | 159.00 | 179.00 | OK |
Version: 1.2.0
Check: package dependencies
Result: NOTE
Imports includes 21 non-default packages.
Importing from so many packages makes the package vulnerable to any of
them becoming unavailable. Move as many as possible to Suggests and
use conditionally.
Flavor: r-devel-linux-x86_64-fedora-clang