CRAN Package Check Results for Package tidystringdist

Last updated on 2025-04-30 13:54:32 CEST.

Flavor Version Tinstall Tcheck Ttotal Status Flags
r-devel-linux-x86_64-debian-clang 0.1.4 3.63 40.60 44.23 OK
r-devel-linux-x86_64-debian-gcc 0.1.4 2.78 30.77 33.55 OK
r-devel-linux-x86_64-fedora-clang 0.1.4 70.03 OK
r-devel-linux-x86_64-fedora-gcc 0.1.4 76.29 OK
r-devel-windows-x86_64 0.1.4 5.00 65.00 70.00 OK
r-patched-linux-x86_64 0.1.4 3.35 36.34 39.69 OK
r-release-linux-x86_64 0.1.4 3.19 36.91 40.10 OK
r-release-macos-arm64 0.1.4 42.00 OK
r-release-macos-x86_64 0.1.4 56.00 OK
r-release-windows-x86_64 0.1.4 5.00 63.00 68.00 OK
r-oldrel-macos-arm64 0.1.4 31.00 NOTE
r-oldrel-macos-x86_64 0.1.4 45.00 NOTE
r-oldrel-windows-x86_64 0.1.4 6.00 68.00 74.00 NOTE

Check Details

Version: 0.1.4
Check: LazyData
Result: NOTE 'LazyData' is specified without a 'data' directory Flavors: r-oldrel-macos-arm64, r-oldrel-macos-x86_64, r-oldrel-windows-x86_64