Last updated on 2025-04-29 10:50:51 CEST.
Flavor | Version | Tinstall | Tcheck | Ttotal | Status | Flags |
---|---|---|---|---|---|---|
r-devel-linux-x86_64-debian-clang | 0.1.7 | 6.40 | 52.95 | 59.35 | OK | |
r-devel-linux-x86_64-debian-gcc | 0.1.7 | 3.61 | 37.63 | 41.24 | NOTE | |
r-devel-linux-x86_64-fedora-clang | 0.1.7 | 82.56 | OK | |||
r-devel-linux-x86_64-fedora-gcc | 0.1.7 | 90.60 | OK | |||
r-devel-windows-x86_64 | 0.1.7 | 7.00 | 73.00 | 80.00 | OK | |
r-patched-linux-x86_64 | 0.1.7 | 5.54 | 48.10 | 53.64 | OK | |
r-release-linux-x86_64 | 0.1.7 | 5.94 | 48.40 | 54.34 | OK | |
r-release-macos-arm64 | 0.1.7 | 55.00 | OK | |||
r-release-macos-x86_64 | 0.1.7 | 76.00 | OK | |||
r-release-windows-x86_64 | 0.1.7 | 7.00 | 79.00 | 86.00 | OK | |
r-oldrel-macos-arm64 | 0.1.7 | 53.00 | OK | |||
r-oldrel-macos-x86_64 | 0.1.7 | 60.00 | OK | |||
r-oldrel-windows-x86_64 | 0.1.7 | 9.00 | 84.00 | 93.00 | OK |
Version: 0.1.7
Check: examples
Result: NOTE
Examples with CPU (user + system) or elapsed time > 5s
user system elapsed
tinyscholar 0.322 0.024 5.474
Flavor: r-devel-linux-x86_64-debian-gcc