Last updated on 2025-02-05 07:50:28 CET.
Flavor | Version | Tinstall | Tcheck | Ttotal | Status | Flags |
---|---|---|---|---|---|---|
r-devel-linux-x86_64-debian-clang | 1.8 | 3.45 | 31.07 | 34.52 | NOTE | |
r-devel-linux-x86_64-debian-gcc | 1.8 | 2.62 | 24.70 | 27.32 | NOTE | |
r-devel-linux-x86_64-fedora-clang | 1.8 | 55.06 | OK | |||
r-devel-linux-x86_64-fedora-gcc | 1.8 | 51.97 | OK | |||
r-devel-windows-x86_64 | 1.8 | 6.00 | 52.00 | 58.00 | NOTE | |
r-patched-linux-x86_64 | 1.8 | 7.10 | 29.56 | 36.66 | OK | |
r-release-linux-x86_64 | 1.8 | 3.47 | 29.48 | 32.95 | OK | |
r-release-macos-arm64 | 1.8 | 23.00 | OK | |||
r-release-macos-x86_64 | 1.8 | 35.00 | OK | |||
r-release-windows-x86_64 | 1.8 | 5.00 | 51.00 | 56.00 | OK | |
r-oldrel-macos-arm64 | 1.8 | 20.00 | OK | |||
r-oldrel-macos-x86_64 | 1.8 | 28.00 | OK | |||
r-oldrel-windows-x86_64 | 1.8 | 6.00 | 54.00 | 60.00 | OK |
Version: 1.8
Check: Rd cross-references
Result: NOTE
Found the following Rd file(s) with Rd \link{} targets missing package
anchors:
FactivaSource.Rd: getSources
readFactiva.Rd: getReaders
Please provide package anchors for all Rd \link{} targets not in the
package itself and the base packages.
Flavors: r-devel-linux-x86_64-debian-clang, r-devel-linux-x86_64-debian-gcc, r-devel-windows-x86_64