CRAN Package Check Results for Package tm.plugin.lexisnexis

Last updated on 2024-07-22 18:52:35 CEST.

Flavor Version Tinstall Tcheck Ttotal Status Flags
r-devel-linux-x86_64-debian-clang 1.4.1 3.52 37.05 40.57 OK
r-devel-linux-x86_64-debian-gcc 1.4.1 3.08 28.13 31.21 NOTE
r-devel-linux-x86_64-fedora-clang 1.4.1 55.18 OK
r-devel-linux-x86_64-fedora-gcc 1.4.1 50.70 OK
r-devel-windows-x86_64 1.4.1 6.00 48.00 54.00 NOTE
r-patched-linux-x86_64 1.4.1 5.35 34.75 40.10 OK
r-release-linux-x86_64 1.4.1 3.48 35.28 38.76 OK
r-release-macos-arm64 1.4.1 21.00 OK
r-release-macos-x86_64 1.4.1 35.00 OK
r-release-windows-x86_64 1.4.1 4.00 47.00 51.00 OK
r-oldrel-macos-arm64 1.4.1 18.00 OK
r-oldrel-macos-x86_64 1.4.1 28.00 OK
r-oldrel-windows-x86_64 1.4.1 5.00 52.00 57.00 OK

Check Details

Version: 1.4.1
Check: Rd cross-references
Result: NOTE Found the following Rd file(s) with Rd \link{} targets missing package anchors: LexisNexisSource.Rd: getSources readLexisNexis.Rd: getReaders Please provide package anchors for all Rd \link{} targets not in the package itself and the base packages. Flavors: r-devel-linux-x86_64-debian-gcc, r-devel-windows-x86_64