CRAN Package Check Results for Package tools4uplift

Last updated on 2025-04-30 00:50:03 CEST.

Flavor Version Tinstall Tcheck Ttotal Status Flags
r-devel-linux-x86_64-debian-clang 1.0.0 10.51 91.78 102.29 NOTE
r-devel-linux-x86_64-debian-gcc 1.0.0 7.15 66.29 73.44 NOTE
r-devel-linux-x86_64-fedora-clang 1.0.0 158.72 OK
r-devel-linux-x86_64-fedora-gcc 1.0.0 149.40 OK
r-devel-windows-x86_64 1.0.0 11.00 99.00 110.00 OK
r-patched-linux-x86_64 1.0.0 9.46 84.29 93.75 OK
r-release-linux-x86_64 1.0.0 10.20 84.00 94.20 OK
r-release-macos-arm64 1.0.0 41.00 OK
r-release-macos-x86_64 1.0.0 78.00 OK
r-release-windows-x86_64 1.0.0 12.00 99.00 111.00 OK
r-oldrel-macos-arm64 1.0.0 42.00 OK
r-oldrel-macos-x86_64 1.0.0 65.00 OK
r-oldrel-windows-x86_64 1.0.0 13.00 118.00 131.00 OK

Check Details

Version: 1.0.0
Check: CRAN incoming feasibility
Result: NOTE Maintainer: ‘Mouloud Belbahri <mouloud.belbahri@gmail.com>’ No Authors@R field in DESCRIPTION. Please add one, modifying Authors@R: c(person(given = "Mouloud", family = "Belbahri", role = c("aut", "cre"), email = "mouloud.belbahri@gmail.com"), person(given = "Olivier", family = "Gandouet", role = "aut"), person(given = "Alejandro", family = "Murua", role = "aut"), person(given = c("Vahid", "Partovi"), family = "Nia", role = "aut")) as necessary. Flavors: r-devel-linux-x86_64-debian-clang, r-devel-linux-x86_64-debian-gcc