Last updated on 2025-02-04 16:49:27 CET.
Flavor | Version | Tinstall | Tcheck | Ttotal | Status | Flags |
---|---|---|---|---|---|---|
r-devel-linux-x86_64-debian-clang | 1.0.2 | 4.90 | 103.87 | 108.77 | OK | |
r-devel-linux-x86_64-debian-gcc | 1.0.2 | 3.33 | 74.76 | 78.09 | OK | |
r-devel-linux-x86_64-fedora-clang | 1.0.2 | 178.21 | OK | |||
r-devel-linux-x86_64-fedora-gcc | 1.0.2 | 183.52 | OK | |||
r-devel-windows-x86_64 | 1.0.2 | 6.00 | 115.00 | 121.00 | OK | |
r-patched-linux-x86_64 | 1.0.2 | 5.15 | 100.22 | 105.37 | OK | |
r-release-linux-x86_64 | 1.0.2 | 3.92 | 100.10 | 104.02 | OK | |
r-release-macos-arm64 | 1.0.2 | 71.00 | OK | |||
r-release-macos-x86_64 | 1.0.2 | 111.00 | OK | |||
r-release-windows-x86_64 | 1.0.2 | 7.00 | 113.00 | 120.00 | OK | |
r-oldrel-macos-arm64 | 1.0.2 | 193.00 | OK | |||
r-oldrel-macos-x86_64 | 1.0.2 | 115.00 | NOTE | |||
r-oldrel-windows-x86_64 | 1.0.2 | 8.00 | 149.00 | 157.00 | OK |
Version: 1.0.2
Check: package dependencies
Result: NOTE
Package suggested but not available for checking: ‘Seurat’
Flavor: r-oldrel-macos-x86_64