Last updated on 2024-08-31 22:49:53 CEST.
Flavor | Version | Tinstall | Tcheck | Ttotal | Status | Flags |
---|---|---|---|---|---|---|
r-devel-linux-x86_64-debian-clang | 0.1.0 | 9.67 | 65.25 | 74.92 | OK | |
r-devel-linux-x86_64-debian-gcc | 0.1.0 | 7.00 | 48.64 | 55.64 | OK | |
r-devel-linux-x86_64-fedora-clang | 0.1.0 | 121.01 | NOTE | |||
r-devel-linux-x86_64-fedora-gcc | 0.1.0 | 113.20 | NOTE | |||
r-devel-windows-x86_64 | 0.1.0 | 12.00 | 78.00 | 90.00 | OK | |
r-patched-linux-x86_64 | 0.1.0 | 9.38 | 61.41 | 70.79 | OK | |
r-release-linux-x86_64 | 0.1.0 | 8.84 | 61.01 | 69.85 | OK | |
r-release-macos-arm64 | 0.1.0 | 36.00 | OK | |||
r-release-macos-x86_64 | 0.1.0 | 71.00 | OK | |||
r-release-windows-x86_64 | 0.1.0 | 11.00 | 80.00 | 91.00 | OK | |
r-oldrel-macos-arm64 | 0.1.0 | 38.00 | OK | |||
r-oldrel-macos-x86_64 | 0.1.0 | 58.00 | OK | |||
r-oldrel-windows-x86_64 | 0.1.0 | 14.00 | 98.00 | 112.00 | OK |
Version: 0.1.0
Check: dependencies in R code
Result: NOTE
Namespaces in Imports field not imported from:
‘R6’ ‘crosstalk’
All declared Imports should be used.
Flavors: r-devel-linux-x86_64-fedora-clang, r-devel-linux-x86_64-fedora-gcc