Last updated on 2024-07-27 16:49:24 CEST.
Flavor | Version | Tinstall | Tcheck | Ttotal | Status | Flags |
---|---|---|---|---|---|---|
r-devel-linux-x86_64-debian-clang | 1.0 | 14.79 | 29.24 | 44.03 | NOTE | |
r-devel-linux-x86_64-debian-gcc | 1.0 | NOTE | ||||
r-devel-linux-x86_64-fedora-clang | 1.0 | 76.43 | NOTE | |||
r-devel-linux-x86_64-fedora-gcc | 1.0 | 60.55 | NOTE | |||
r-devel-windows-x86_64 | 1.0 | 15.00 | 73.00 | 88.00 | NOTE | |
r-patched-linux-x86_64 | 1.0 | NOTE | ||||
r-release-linux-x86_64 | 1.0 | 13.82 | 28.95 | 42.77 | NOTE | |
r-release-macos-arm64 | 1.0 | 23.00 | NOTE | |||
r-release-macos-x86_64 | 1.0 | 33.00 | NOTE | |||
r-release-windows-x86_64 | 1.0 | 19.00 | 72.00 | 91.00 | NOTE | |
r-oldrel-macos-arm64 | 1.0 | 25.00 | NOTE | |||
r-oldrel-macos-x86_64 | 1.0 | 37.00 | NOTE | |||
r-oldrel-windows-x86_64 | 1.0 | 14.00 | 78.00 | 92.00 | NOTE |
Version: 1.0
Check: C++ specification
Result: NOTE
Specified C++11: please drop specification unless essential
Flavors: r-devel-linux-x86_64-debian-clang, r-devel-linux-x86_64-debian-gcc, r-devel-linux-x86_64-fedora-clang, r-devel-linux-x86_64-fedora-gcc, r-devel-windows-x86_64, r-patched-linux-x86_64, r-release-linux-x86_64, r-release-macos-arm64, r-release-macos-x86_64, r-release-windows-x86_64, r-oldrel-macos-arm64, r-oldrel-macos-x86_64, r-oldrel-windows-x86_64