Last updated on 2024-07-27 16:49:24 CEST.
Flavor | Version | Tinstall | Tcheck | Ttotal | Status | Flags |
---|---|---|---|---|---|---|
r-devel-linux-x86_64-debian-clang | 0.2.4 | 10.76 | 61.49 | 72.25 | OK | |
r-devel-linux-x86_64-debian-gcc | 0.2.4 | OK | ||||
r-devel-linux-x86_64-fedora-clang | 0.2.4 | 95.08 | NOTE | |||
r-devel-linux-x86_64-fedora-gcc | 0.2.4 | 100.92 | NOTE | |||
r-devel-windows-x86_64 | 0.2.4 | 13.00 | 68.00 | 81.00 | OK | |
r-patched-linux-x86_64 | 0.2.4 | OK | ||||
r-release-linux-x86_64 | 0.2.4 | 9.81 | 57.89 | 67.70 | OK | |
r-release-macos-arm64 | 0.2.4 | 37.00 | OK | |||
r-release-macos-x86_64 | 0.2.4 | 56.00 | OK | |||
r-release-windows-x86_64 | 0.2.4 | 12.00 | 70.00 | 82.00 | OK | |
r-oldrel-macos-arm64 | 0.2.4 | 42.00 | OK | |||
r-oldrel-macos-x86_64 | 0.2.4 | 81.00 | OK | |||
r-oldrel-windows-x86_64 | 0.2.4 | 15.00 | 75.00 | 90.00 | OK |
Version: 0.2.4
Check: data for non-ASCII characters
Result: NOTE
Note: found 9 marked UTF-8 strings
Flavors: r-devel-linux-x86_64-fedora-clang, r-devel-linux-x86_64-fedora-gcc