Last updated on 2024-07-27 16:49:24 CEST.
Flavor | Version | Tinstall | Tcheck | Ttotal | Status | Flags |
---|---|---|---|---|---|---|
r-devel-linux-x86_64-debian-clang | 2.0.3 | 20.29 | 177.36 | 197.65 | OK | |
r-devel-linux-x86_64-debian-gcc | 2.0.3 | OK | ||||
r-devel-linux-x86_64-fedora-clang | 2.0.3 | 258.41 | NOTE | |||
r-devel-linux-x86_64-fedora-gcc | 2.0.3 | 248.53 | OK | |||
r-devel-windows-x86_64 | 2.0.3 | 20.00 | 159.00 | 179.00 | NOTE | |
r-patched-linux-x86_64 | 2.0.3 | OK | ||||
r-release-linux-x86_64 | 2.0.3 | 13.95 | 166.02 | 179.97 | OK | |
r-release-macos-arm64 | 2.0.3 | 83.00 | NOTE | |||
r-release-macos-x86_64 | 2.0.3 | 135.00 | NOTE | |||
r-release-windows-x86_64 | 2.0.3 | 20.00 | 160.00 | 180.00 | NOTE | |
r-oldrel-macos-arm64 | 2.0.3 | 85.00 | NOTE | |||
r-oldrel-macos-x86_64 | 2.0.3 | 227.00 | NOTE | |||
r-oldrel-windows-x86_64 | 2.0.3 | 25.00 | 195.00 | 220.00 | NOTE |
Version: 2.0.3
Check: package dependencies
Result: NOTE
Imports includes 21 non-default packages.
Importing from so many packages makes the package vulnerable to any of
them becoming unavailable. Move as many as possible to Suggests and
use conditionally.
Flavor: r-devel-linux-x86_64-fedora-clang
Version: 2.0.3
Check: installed package size
Result: NOTE
installed size is 7.3Mb
sub-directories of 1Mb or more:
doc 4.5Mb
ubinc 2.0Mb
Flavors: r-devel-linux-x86_64-fedora-clang, r-devel-windows-x86_64, r-release-macos-arm64, r-release-macos-x86_64, r-release-windows-x86_64, r-oldrel-macos-arm64, r-oldrel-macos-x86_64, r-oldrel-windows-x86_64