Last updated on 2023-11-30 14:48:45 CET.
Flavor | Version | Tinstall | Tcheck | Ttotal | Status | Flags |
---|---|---|---|---|---|---|
r-devel-linux-x86_64-debian-clang | 1.2.0 | 3.79 | 21.96 | 25.75 | WARN | |
r-devel-linux-x86_64-debian-gcc | 1.2.0 | 2.48 | 16.80 | 19.28 | WARN | |
r-devel-linux-x86_64-fedora-clang | 1.2.0 | 32.40 | WARN | |||
r-devel-linux-x86_64-fedora-gcc | 1.2.0 | 30.86 | WARN | |||
r-devel-windows-x86_64 | 1.2.0 | 10.00 | 42.00 | 52.00 | OK | |
r-patched-linux-x86_64 | 1.2.0 | 3.14 | 20.98 | 24.12 | OK | |
r-release-linux-x86_64 | 1.2.0 | 3.07 | 21.03 | 24.10 | OK | |
r-release-macos-arm64 | 1.2.0 | 24.00 | OK | |||
r-release-macos-x86_64 | 1.2.0 | 33.00 | OK | |||
r-release-windows-x86_64 | 1.2.0 | 7.00 | 41.00 | 48.00 | OK | |
r-oldrel-macos-arm64 | 1.2.0 | 27.00 | OK | |||
r-oldrel-macos-x86_64 | 1.2.0 | 44.00 | OK | |||
r-oldrel-windows-x86_64 | 1.2.0 | 6.00 | 41.00 | 47.00 | OK |
Version: 1.2.0
Check: whether package can be installed
Result: WARN
Found the following significant warnings:
interface.c:31:70: warning: data argument not used by format string [-Wformat-extra-args]
interface.c:81:72: warning: data argument not used by format string [-Wformat-extra-args]
interface.c:83:70: warning: data argument not used by format string [-Wformat-extra-args]
See ‘/home/hornik/tmp/R.check/r-devel-clang/Work/PKGS/ucminf.Rcheck/00install.out’ for details.
* used C compiler: ‘Debian clang version 17.0.5 (1)’
* used Fortran compiler: ‘Debian flang-new version 17.0.5 (1)’
Flavor: r-devel-linux-x86_64-debian-clang
Version: 1.2.0
Check: whether package can be installed
Result: WARN
Found the following significant warnings:
interface.c:31:15: warning: too many arguments for format [-Wformat-extra-args]
interface.c:81:15: warning: too many arguments for format [-Wformat-extra-args]
interface.c:83:15: warning: too many arguments for format [-Wformat-extra-args]
See ‘/home/hornik/tmp/R.check/r-devel-gcc/Work/PKGS/ucminf.Rcheck/00install.out’ for details.
* used C compiler: ‘gcc-13 (Debian 13.2.0-5) 13.2.0’
* used Fortran compiler: ‘GNU Fortran (Debian 13.2.0-5) 13.2.0’
Flavor: r-devel-linux-x86_64-debian-gcc
Version: 1.2.0
Check: whether package can be installed
Result: WARN
Found the following significant warnings:
interface.c:31:70: warning: data argument not used by format string [-Wformat-extra-args]
interface.c:81:72: warning: data argument not used by format string [-Wformat-extra-args]
interface.c:83:70: warning: data argument not used by format string [-Wformat-extra-args]
See ‘/data/gannet/ripley/R/packages/tests-clang/ucminf.Rcheck/00install.out’ for details.
* used C compiler: ‘clang version 17.0.5’
* used Fortran compiler: ‘flang-new version 17.0.5’
Flavor: r-devel-linux-x86_64-fedora-clang
Version: 1.2.0
Check: whether package can be installed
Result: WARN
Found the following significant warnings:
interface.c:31:15: warning: too many arguments for format [-Wformat-extra-args]
interface.c:81:15: warning: too many arguments for format [-Wformat-extra-args]
interface.c:83:15: warning: too many arguments for format [-Wformat-extra-args]
See ‘/data/gannet/ripley/R/packages/tests-devel/ucminf.Rcheck/00install.out’ for details.
* used C compiler: ‘gcc-13 (GCC) 13.2.0’
* used Fortran compiler: ‘GNU Fortran (GCC) 13.2.0’
Flavor: r-devel-linux-x86_64-fedora-gcc