CRAN Package Check Results for Package umiAnalyzer

Last updated on 2025-04-29 15:50:36 CEST.

Flavor Version Tinstall Tcheck Ttotal Status Flags
r-devel-linux-x86_64-debian-clang 1.0.0 23.87 219.00 242.87 NOTE
r-devel-linux-x86_64-debian-gcc 1.0.0 16.52 160.73 177.25 NOTE
r-devel-linux-x86_64-fedora-clang 1.0.0 283.19 OK
r-devel-linux-x86_64-fedora-gcc 1.0.0 360.59 OK
r-devel-windows-x86_64 1.0.0 23.00 204.00 227.00 OK
r-patched-linux-x86_64 1.0.0 24.48 209.25 233.73 OK
r-release-linux-x86_64 1.0.0 22.21 206.90 229.11 OK
r-release-macos-arm64 1.0.0 101.00 OK
r-release-macos-x86_64 1.0.0 232.00 OK
r-release-windows-x86_64 1.0.0 24.00 204.00 228.00 OK
r-oldrel-macos-arm64 1.0.0 96.00 OK
r-oldrel-macos-x86_64 1.0.0 184.00 OK
r-oldrel-windows-x86_64 1.0.0 30.00 261.00 291.00 OK

Check Details

Version: 1.0.0
Check: examples
Result: NOTE Examples with CPU (user + system) or elapsed time > 5s user system elapsed BarcodeFamilyHistogram 5.029 0.378 7.21 Flavor: r-devel-linux-x86_64-debian-clang

Version: 1.0.0
Check: examples
Result: NOTE Examples with CPU (user + system) or elapsed time > 5s user system elapsed BarcodeFamilyHistogram 3.395 0.453 6.338 callVariants 2.330 0.263 5.253 Flavor: r-devel-linux-x86_64-debian-gcc