Last updated on 2025-04-30 12:49:19 CEST.
Flavor | Version | Tinstall | Tcheck | Ttotal | Status | Flags |
---|---|---|---|---|---|---|
r-devel-linux-x86_64-debian-clang | 1.1.1 | 28.87 | 90.81 | 119.68 | NOTE | |
r-devel-linux-x86_64-debian-gcc | 1.1.1 | 20.82 | 62.36 | 83.18 | NOTE | |
r-devel-linux-x86_64-fedora-clang | 1.1.1 | 196.21 | NOTE | |||
r-devel-linux-x86_64-fedora-gcc | 1.1.1 | 188.51 | NOTE | |||
r-devel-windows-x86_64 | 1.1.1 | 37.00 | 117.00 | 154.00 | NOTE | |
r-patched-linux-x86_64 | 1.1.1 | 31.40 | 84.66 | 116.06 | NOTE | |
r-release-linux-x86_64 | 1.1.1 | 29.04 | 84.35 | 113.39 | NOTE | |
r-release-macos-arm64 | 1.1.1 | 52.00 | NOTE | |||
r-release-macos-x86_64 | 1.1.1 | 96.00 | NOTE | |||
r-release-windows-x86_64 | 1.1.1 | 37.00 | 123.00 | 160.00 | NOTE | |
r-oldrel-macos-arm64 | 1.1.1 | 53.00 | NOTE | |||
r-oldrel-macos-x86_64 | 1.1.1 | 92.00 | NOTE | |||
r-oldrel-windows-x86_64 | 1.1.1 | 41.00 | 152.00 | 193.00 | NOTE |
Version: 1.1.1
Check: package subdirectories
Result: NOTE
Problems with news in ‘NEWS.md’:
No news entries found.
Flavors: r-devel-linux-x86_64-debian-clang, r-devel-linux-x86_64-debian-gcc, r-devel-linux-x86_64-fedora-clang, r-devel-linux-x86_64-fedora-gcc, r-devel-windows-x86_64, r-patched-linux-x86_64, r-release-linux-x86_64, r-release-macos-arm64, r-release-macos-x86_64, r-release-windows-x86_64, r-oldrel-macos-arm64, r-oldrel-macos-x86_64, r-oldrel-windows-x86_64
Version: 1.1.1
Check: LazyData
Result: NOTE
'LazyData' is specified without a 'data' directory
Flavors: r-oldrel-macos-arm64, r-oldrel-macos-x86_64, r-oldrel-windows-x86_64