CRAN Package Check Results for Package vICC

Last updated on 2025-02-04 16:49:28 CET.

Flavor Version Tinstall Tcheck Ttotal Status Flags
r-devel-linux-x86_64-debian-clang 1.0.0 5.87 44.75 50.62 OK
r-devel-linux-x86_64-debian-gcc 1.0.0 3.80 33.24 37.04 OK
r-devel-linux-x86_64-fedora-clang 1.0.0 80.28 NOTE
r-devel-linux-x86_64-fedora-gcc 1.0.0 82.01 NOTE
r-devel-windows-x86_64 1.0.0 7.00 70.00 77.00 OK
r-patched-linux-x86_64 1.0.0 5.17 41.29 46.46 OK
r-release-linux-x86_64 1.0.0 5.35 41.61 46.96 OK
r-release-macos-arm64 1.0.0 26.00 OK
r-release-macos-x86_64 1.0.0 47.00 OK
r-release-windows-x86_64 1.0.0 8.00 63.00 71.00 OK
r-oldrel-macos-arm64 1.0.0 27.00 OK
r-oldrel-macos-x86_64 1.0.0 39.00 OK
r-oldrel-windows-x86_64 1.0.0 9.00 72.00 81.00 OK

Check Details

Version: 1.0.0
Check: dependencies in R code
Result: NOTE Namespace in Imports field not imported from: ‘Rdpack’ All declared Imports should be used. Flavors: r-devel-linux-x86_64-fedora-clang, r-devel-linux-x86_64-fedora-gcc