Last updated on 2024-05-02 09:52:14 CEST.
Flavor | Version | Tinstall | Tcheck | Ttotal | Status | Flags |
---|---|---|---|---|---|---|
r-devel-linux-x86_64-debian-clang | 1.0.0 | 22.49 | 210.69 | 233.18 | NOTE | |
r-devel-linux-x86_64-debian-gcc | 1.0.0 | 15.02 | 152.94 | 167.96 | NOTE | |
r-devel-linux-x86_64-fedora-clang | 1.0.0 | 299.76 | NOTE | |||
r-devel-linux-x86_64-fedora-gcc | 1.0.0 | 143.45 | NOTE | |||
r-devel-windows-x86_64 | 1.0.0 | 17.00 | 150.00 | 167.00 | NOTE | |
r-patched-linux-x86_64 | 1.0.0 | 17.80 | 193.84 | 211.64 | NOTE | |
r-release-linux-x86_64 | 1.0.0 | 13.82 | 193.40 | 207.22 | NOTE | |
r-release-macos-arm64 | 1.0.0 | 74.00 | NOTE | |||
r-release-macos-x86_64 | 1.0.0 | 163.00 | NOTE | |||
r-release-windows-x86_64 | 1.0.0 | 18.00 | 151.00 | 169.00 | NOTE | |
r-oldrel-macos-arm64 | 1.0.0 | 82.00 | NOTE | |||
r-oldrel-macos-x86_64 | 1.0.0 | 165.00 | NOTE | |||
r-oldrel-windows-x86_64 | 1.0.0 | 23.00 | 192.00 | 215.00 | NOTE |
Version: 1.0.0
Check: LazyData
Result: NOTE
'LazyData' is specified without a 'data' directory
Flavors: r-devel-linux-x86_64-debian-clang, r-devel-linux-x86_64-debian-gcc, r-devel-linux-x86_64-fedora-clang, r-devel-linux-x86_64-fedora-gcc, r-devel-windows-x86_64, r-patched-linux-x86_64, r-release-linux-x86_64, r-release-macos-arm64, r-release-macos-x86_64, r-release-windows-x86_64, r-oldrel-macos-arm64, r-oldrel-macos-x86_64, r-oldrel-windows-x86_64