Last updated on 2024-07-27 16:49:25 CEST.
Flavor | Version | Tinstall | Tcheck | Ttotal | Status | Flags |
---|---|---|---|---|---|---|
r-devel-linux-x86_64-debian-clang | 0.3.0 | 4.68 | 46.14 | 50.82 | OK | |
r-devel-linux-x86_64-debian-gcc | 0.3.0 | OK | ||||
r-devel-linux-x86_64-fedora-clang | 0.3.0 | 69.30 | NOTE | |||
r-devel-linux-x86_64-fedora-gcc | 0.3.0 | 59.96 | NOTE | |||
r-devel-windows-x86_64 | 0.3.0 | 7.00 | 55.00 | 62.00 | OK | |
r-patched-linux-x86_64 | 0.3.0 | OK | ||||
r-release-linux-x86_64 | 0.3.0 | 3.35 | 42.73 | 46.08 | OK | |
r-release-macos-arm64 | 0.3.0 | 24.00 | OK | |||
r-release-macos-x86_64 | 0.3.0 | 32.00 | OK | |||
r-release-windows-x86_64 | 0.3.0 | 6.00 | 53.00 | 59.00 | OK | |
r-oldrel-macos-arm64 | 0.3.0 | 24.00 | OK | |||
r-oldrel-macos-x86_64 | 0.3.0 | 32.00 | OK | |||
r-oldrel-windows-x86_64 | 0.3.0 | 7.00 | 61.00 | 68.00 | OK |
Version: 0.3.0
Check: data for non-ASCII characters
Result: NOTE
Note: found 2 marked UTF-8 strings
Flavors: r-devel-linux-x86_64-fedora-clang, r-devel-linux-x86_64-fedora-gcc