Last updated on 2025-04-30 00:50:04 CEST.
Flavor | Version | Tinstall | Tcheck | Ttotal | Status | Flags |
---|---|---|---|---|---|---|
r-devel-linux-x86_64-debian-clang | 1.0.7 | 22.05 | 102.14 | 124.19 | OK | |
r-devel-linux-x86_64-debian-gcc | 1.0.7 | 16.84 | 68.13 | 84.97 | OK | |
r-devel-linux-x86_64-fedora-clang | 1.0.7 | 183.77 | OK | |||
r-devel-linux-x86_64-fedora-gcc | 1.0.7 | 174.38 | OK | |||
r-devel-windows-x86_64 | 1.0.7 | 26.00 | 111.00 | 137.00 | OK | |
r-patched-linux-x86_64 | 1.0.7 | 23.15 | 97.07 | 120.22 | OK | |
r-release-linux-x86_64 | 1.0.7 | 20.52 | 94.76 | 115.28 | OK | |
r-release-macos-arm64 | 1.0.7 | 60.00 | OK | |||
r-release-macos-x86_64 | 1.0.7 | 111.00 | OK | |||
r-release-windows-x86_64 | 1.0.7 | 30.00 | 108.00 | 138.00 | OK | |
r-oldrel-macos-arm64 | 1.0.7 | 62.00 | NOTE | |||
r-oldrel-macos-x86_64 | 1.0.7 | 120.00 | NOTE | |||
r-oldrel-windows-x86_64 | 1.0.7 | 33.00 | 138.00 | 171.00 | NOTE |
Version: 1.0.7
Check: installed package size
Result: NOTE
installed size is 6.4Mb
sub-directories of 1Mb or more:
data 6.0Mb
Flavors: r-oldrel-macos-arm64, r-oldrel-macos-x86_64, r-oldrel-windows-x86_64